{"id":7141,"date":"2022-06-10T09:54:14","date_gmt":"2022-06-10T06:54:14","guid":{"rendered":"https:\/\/www.kellomuseo.fi\/holvi\/?post_type=product&#038;p=7141"},"modified":"2022-06-10T10:10:34","modified_gmt":"2022-06-10T07:10:34","slug":"kiillottaminen-eli-puleeraus-tekniikka-2","status":"publish","type":"product","link":"https:\/\/www.kellomuseo.fi\/holvi\/tuote\/kiillottaminen-eli-puleeraus-tekniikka-2\/","title":{"rendered":"Kiillottaminen eli puleeraus &#8211; tekniikka"},"content":{"rendered":"<p>Ty\u00f6v\u00e4line tai tekniikka: Kiillottaminen eli puleeraus.<br aria-hidden=\"true\" \/>Kiillotusteri\u00e4, joiden kiillotusk\u00e4rki on hematiittia.<br aria-hidden=\"true\" \/><br aria-hidden=\"true\" \/>K\u00e4ytt\u00f6kohde: Hopeoinnin j\u00e4lkeen hopeaesine puleerattiin kiillotusterill\u00e4. Verikivell\u00e4 kiillotettaessa hopeointipinta j\u00e4i valkoiseksi, maitomaiseksi. Kyseess\u00e4 on painokiillotus ja se saa esineeseen aikaan kovan hienohopeapinnan. My\u00f6s kellon koneiston viisteit\u00e4 kiillotetaan kiillotusterill\u00e4. Kiillotuster\u00e4 voi olla my\u00f6s ter\u00e4ksinen tai muuta kive\u00e4 kuin hematiittia.<br aria-hidden=\"true\" \/><br aria-hidden=\"true\" \/>Naiset hoitivat kiillotuksen, noin 1920- 1930 luvuille asti. Kiillotuster\u00e4\u00e4 k\u00e4ytet\u00e4\u00e4n verrattain v\u00e4h\u00e4n nykyisin, sill\u00e4 hopeoinnin tekniikka (kiiltohopeointi) on erilainen.<br aria-hidden=\"true\" \/><br aria-hidden=\"true\" \/>Valmistaja, valmistusmaa: Ei tietoa. On mahdollista, ett\u00e4 ter\u00e4t ovat valmistettu itse.<br aria-hidden=\"true\" \/><br aria-hidden=\"true\" \/>Merkki \/ malli \/ leimat: Ei tietoa<br aria-hidden=\"true\" \/><br aria-hidden=\"true\" \/>Materiaalit: Puu, messinki ja hematiitti<\/p>\n","protected":false},"excerpt":{"rendered":"<p>Ty\u00f6v\u00e4line tai tekniikka: Kiillottaminen eli puleeraus.Kiillotusteri\u00e4, joiden kiillotusk\u00e4rki on hematiittia.K\u00e4ytt\u00f6kohde: Hopeoinnin j\u00e4lkeen hopeaesine puleerattiin kiillotusterill\u00e4. Verikivell\u00e4 kiillotettaessa hopeointipinta j\u00e4i valkoiseksi, maitomaiseksi. Kyseess\u00e4 on painokiillotus ja se saa esineeseen aikaan kovan hienohopeapinnan. My\u00f6s kellon koneiston viisteit\u00e4 kiillotetaan kiillotusterill\u00e4. Kiillotuster\u00e4 voi olla my\u00f6s ter\u00e4ksinen tai muuta kive\u00e4 kuin hematiittia.Naiset hoitivat kiillotuksen, noin 1920- 1930 luvuille asti. Kiillotuster\u00e4\u00e4 [&hellip;]<\/p>\n","protected":false},"featured_media":7142,"comment_status":"closed","ping_status":"closed","template":"","meta":[],"product_cat":[176,165],"product_tag":[88,192,191,194,193,389],"_links":{"self":[{"href":"https:\/\/www.kellomuseo.fi\/holvi\/wp-json\/wp\/v2\/product\/7141"}],"collection":[{"href":"https:\/\/www.kellomuseo.fi\/holvi\/wp-json\/wp\/v2\/product"}],"about":[{"href":"https:\/\/www.kellomuseo.fi\/holvi\/wp-json\/wp\/v2\/types\/product"}],"replies":[{"embeddable":true,"href":"https:\/\/www.kellomuseo.fi\/holvi\/wp-json\/wp\/v2\/comments?post=7141"}],"wp:featuredmedia":[{"embeddable":true,"href":"https:\/\/www.kellomuseo.fi\/holvi\/wp-json\/wp\/v2\/media\/7142"}],"wp:attachment":[{"href":"https:\/\/www.kellomuseo.fi\/holvi\/wp-json\/wp\/v2\/media?parent=7141"}],"wp:term":[{"taxonomy":"product_cat","embeddable":true,"href":"https:\/\/www.kellomuseo.fi\/holvi\/wp-json\/wp\/v2\/product_cat?post=7141"},{"taxonomy":"product_tag","embeddable":true,"href":"https:\/\/www.kellomuseo.fi\/holvi\/wp-json\/wp\/v2\/product_tag?post=7141"}],"curies":[{"name":"wp","href":"https:\/\/api.w.org\/{rel}","templated":true}]}}