{"id":7027,"date":"2022-04-23T12:58:59","date_gmt":"2022-04-23T09:58:59","guid":{"rendered":"https:\/\/www.kellomuseo.fi\/holvi\/?post_type=product&#038;p=7027"},"modified":"2022-04-23T13:40:44","modified_gmt":"2022-04-23T10:40:44","slug":"rannekello-casio-g-shock-dw-5000c-1","status":"publish","type":"product","link":"https:\/\/www.kellomuseo.fi\/holvi\/tuote\/rannekello-casio-g-shock-dw-5000c-1\/","title":{"rendered":"Rannekello &#8211; Casio G-SHOCK DW-5000C-1"},"content":{"rendered":"<p><strong>Rannekello<\/strong><\/p>\n<p><strong>Kellon merkki ja malli<\/strong>: Casio G-SHOCK DW-5000C-1<\/p>\n<p><strong>Valmistaja: <\/strong>Casio, Japani<\/p>\n<p><strong>Valmistusajankohta:<\/strong> 4\/1983<\/p>\n<p><strong>Mater<\/strong><strong>iaali<\/strong>: iskunkest\u00e4v\u00e4 koneistosuojaus, ter\u00e4ksinen kierrepohja, ter\u00e4ksinen kuori, ranneke resin<\/p>\n<p><b>Mitat: <\/b>48.9 X 42.8 X 13.5 mm<\/p>\n<p><b>Koneisto: <\/b>Casio moduuli 240<\/p>\n<p><b>Leimat: <\/b>119380<\/p>\n<p><strong>Muut merkinn\u00e4t<\/strong>: CASIO 240 DW-5000 JAPAN Y ST.STEEL 200M WATER RESISTANT SHOCK RESISTANT<\/p>\n<p><b>Milloin olet saanut kellon?: <\/b>Minulla oli mahdollisuus ostaa kello jo vuosia sitten kokoelmiini, mutta nukuin onneni ohitse. Onnekseni t\u00e4m\u00e4 kello j\u00e4i suomeen tutulle harrastajayst\u00e4v\u00e4lleni, jolta sittemmin hankin kellon itselleni vuonna 2021. T\u00e4m\u00e4 kello on nk &#8221;kiipperi&#8221;, eli t\u00e4m\u00e4 ei ole en\u00e4\u00e4 menossa myyntiin, vaan saa olla nyt aarteeni<\/p>\n<p><strong>Mit\u00e4 muuta osaat sanoa kellostasi: <\/strong>Vuonna 1981 Casiolla ty\u00f6skentelev\u00e4 suunnittelija Herra Kikuo Ibe aloitti kehitt\u00e4m\u00e4\u00e4n kelloa teemalla &#8221;Absolute Toughness&#8221;. Kellon piti olla niin kest\u00e4v\u00e4 ett\u00e4 se selvi\u00e4isi &#8221;Triple 10&#8243; haasteesta. Haasteessa kellon tuli kest\u00e4\u00e4 pudotus 10 metrist\u00e4, kellon piti s\u00e4ily\u00e4 toimivana 10 BAR paineessa sek\u00e4 pariston tuli kest\u00e4\u00e4 10 vuotta.&#8221;Team tough&#8221; ty\u00f6ryhm\u00e4 kehitti kahdessa vuodessa yli 200 prototyyppi\u00e4, mutta ongelmaksi koitui pudotus 10 metrist\u00e4. Vaikka kuinka kelloa suojasi, koneisto ei tahtonut selvit\u00e4 pudotuksesta. Hra Ibe oli jo luovuttamassa tavoitteestaan, kunnes er\u00e4\u00e4n\u00e4 p\u00e4iv\u00e4n\u00e4 h\u00e4n sattui seuraamaan kent\u00e4ll\u00e4 pallolla leikkivi\u00e4 lapsia. H\u00e4n havainnoi ett\u00e4 pehme\u00e4 kumimainen pallo kesti iskut maahan, palautui aina muotoonsa ja s\u00e4ilytti siten kuntonsa leikeiss\u00e4 pitk\u00e4\u00e4n. T\u00e4st\u00e4 havainnosta Hra Ibe sai idean kuinka kellon koneisto tulee suojata. N\u00e4in sai alkunsa ikoninen, ensimm\u00e4inen Casio G-Shock. Kello sai mallimerkinn\u00e4kseen DW-5000. T\u00e4m\u00e4 kelloni on alkuper\u00e4ist\u00e4 tuotantosarjaa tuotannon alkup\u00e4\u00e4st\u00e4, valmistusaika on arvioitu huhti-toukokuulle, vuoteen 1983. Kellon virallinen tuotanto alkoi huhtikuussa 1983.<\/p>\n<p>&nbsp;<\/p>\n<p>Mikko Lindfors<\/p>\n","protected":false},"excerpt":{"rendered":"<p><strong>L\u00e4hde:\u00a0<\/strong> Mikko Lindfors<\/p>\n","protected":false},"featured_media":7028,"comment_status":"closed","ping_status":"closed","template":"","meta":[],"product_cat":[31,494],"product_tag":[516,514,515,30,493,330,429],"_links":{"self":[{"href":"https:\/\/www.kellomuseo.fi\/holvi\/wp-json\/wp\/v2\/product\/7027"}],"collection":[{"href":"https:\/\/www.kellomuseo.fi\/holvi\/wp-json\/wp\/v2\/product"}],"about":[{"href":"https:\/\/www.kellomuseo.fi\/holvi\/wp-json\/wp\/v2\/types\/product"}],"replies":[{"embeddable":true,"href":"https:\/\/www.kellomuseo.fi\/holvi\/wp-json\/wp\/v2\/comments?post=7027"}],"wp:featuredmedia":[{"embeddable":true,"href":"https:\/\/www.kellomuseo.fi\/holvi\/wp-json\/wp\/v2\/media\/7028"}],"wp:attachment":[{"href":"https:\/\/www.kellomuseo.fi\/holvi\/wp-json\/wp\/v2\/media?parent=7027"}],"wp:term":[{"taxonomy":"product_cat","embeddable":true,"href":"https:\/\/www.kellomuseo.fi\/holvi\/wp-json\/wp\/v2\/product_cat?post=7027"},{"taxonomy":"product_tag","embeddable":true,"href":"https:\/\/www.kellomuseo.fi\/holvi\/wp-json\/wp\/v2\/product_tag?post=7027"}],"curies":[{"name":"wp","href":"https:\/\/api.w.org\/{rel}","templated":true}]}}