{"id":5902,"date":"2022-03-03T21:00:11","date_gmt":"2022-03-03T19:00:11","guid":{"rendered":"https:\/\/www.kellomuseo.fi\/holvi\/?post_type=product&#038;p=5902"},"modified":"2022-03-10T11:09:13","modified_gmt":"2022-03-10T09:09:13","slug":"kelloteollisuus-oy","status":"publish","type":"product","link":"https:\/\/www.kellomuseo.fi\/holvi\/tuote\/kelloteollisuus-oy\/","title":{"rendered":"Kelloteollisuus Oy"},"content":{"rendered":"<p><strong>Kelloteollisuus Oy 1949-1952 (Jyv\u00e4skyl\u00e4, Tapionkatu 11)\u00a0<\/strong><\/p>\n<p>S\u00e4hk\u00f6mekaaniset kellot olivat uutuus 1940-luvulla. Ajatus s\u00e4hk\u00f6mekaanisten kellojen valmistamisesta Suomessa syntyi, kun keksij\u00e4 ja tuhattaituri Bertil Frilander kuuli Saksassa k\u00e4yt\u00f6ss\u00e4 olleista synkronimoottorilla toimivista s\u00e4hk\u00f6kelloista. Ajatus johti vuonna 1949 Kelloteollisuus Oy:n perustamiseen.<\/p>\n<p>Bertil Frilander toimi Kelloteollisuus Oy:n toimitusjohtajana ja vastasi my\u00f6s kellojen suunnittelusta ja muotoilusta. Yrityksess\u00e4 oli mukana my\u00f6s helsinkil\u00e4inen kellosepp\u00e4 ja tukkukauppias Uuno Tuomi, joka otti yksinoikeudella kellojen tukkumyynnin hoitaakseen.<\/p>\n<p>Kelloteollisuus Oy ty\u00f6llisti parhaimmillaan 11 ty\u00f6ntekij\u00e4\u00e4. Mukana olivat mm. kellosepp\u00e4 Kyt\u00f6l\u00e4n pojat Olli, Jaakko ja Erkki, jotka aiemmin olivat ty\u00f6skennelleet Hienopaja Hehkun palveluksessa. Kellojen koneistot tehtiin kokonaan omassa tehtaassa. Puiset kotelot valmistettiin jyv\u00e4skyl\u00e4l\u00e4isess\u00e4 Virtasen puusep\u00e4nverstaassa. Kotelon muotoja oli useita: py\u00f6reit\u00e4 ja nelikulmaisia sein\u00e4kelloja, \u201dnapoleonin hatun\u201d -muotoisia sein\u00e4- ja p\u00f6yt\u00e4kelloja sek\u00e4 kaapillisia sein\u00e4kelloja. My\u00f6s puuvaihtoehtoja oli lukuisia mm. jalava, mahonki ja tammi.<\/p>\n<p>Kaiken kaikkiaan Kelloteollisuus Oy valmisti noin 8000 vaihtovirtakelloa. Kellojen valmistus loppui vuonna 1952.<\/p>\n<p><strong>L\u00e4hde:<\/strong> Suomen Kellomuseo<\/p>\n<p>&nbsp;<\/p>\n","protected":false},"excerpt":{"rendered":"<p>&nbsp;<\/p>\n<p>&nbsp;<\/p>\n","protected":false},"featured_media":6490,"comment_status":"closed","ping_status":"closed","template":"","meta":[],"product_cat":[20,201],"product_tag":[461,466,465,460,464,298,200,462,463],"_links":{"self":[{"href":"https:\/\/www.kellomuseo.fi\/holvi\/wp-json\/wp\/v2\/product\/5902"}],"collection":[{"href":"https:\/\/www.kellomuseo.fi\/holvi\/wp-json\/wp\/v2\/product"}],"about":[{"href":"https:\/\/www.kellomuseo.fi\/holvi\/wp-json\/wp\/v2\/types\/product"}],"replies":[{"embeddable":true,"href":"https:\/\/www.kellomuseo.fi\/holvi\/wp-json\/wp\/v2\/comments?post=5902"}],"wp:featuredmedia":[{"embeddable":true,"href":"https:\/\/www.kellomuseo.fi\/holvi\/wp-json\/wp\/v2\/media\/6490"}],"wp:attachment":[{"href":"https:\/\/www.kellomuseo.fi\/holvi\/wp-json\/wp\/v2\/media?parent=5902"}],"wp:term":[{"taxonomy":"product_cat","embeddable":true,"href":"https:\/\/www.kellomuseo.fi\/holvi\/wp-json\/wp\/v2\/product_cat?post=5902"},{"taxonomy":"product_tag","embeddable":true,"href":"https:\/\/www.kellomuseo.fi\/holvi\/wp-json\/wp\/v2\/product_tag?post=5902"}],"curies":[{"name":"wp","href":"https:\/\/api.w.org\/{rel}","templated":true}]}}