{"id":5901,"date":"2022-03-03T20:56:59","date_gmt":"2022-03-03T18:56:59","guid":{"rendered":"https:\/\/www.kellomuseo.fi\/holvi\/?post_type=product&#038;p=5901"},"modified":"2022-03-10T11:10:02","modified_gmt":"2022-03-10T09:10:02","slug":"kellotehdas-vihna-oy","status":"publish","type":"product","link":"https:\/\/www.kellomuseo.fi\/holvi\/tuote\/kellotehdas-vihna-oy\/","title":{"rendered":"Kellotehdas Vihna Oy"},"content":{"rendered":"<p>&nbsp;<\/p>\n<p><strong>Kellotehdas Vihna Oy 1948-1951 (Helsinki, Vaasanrinne 4)<\/strong><\/p>\n<p>Kellotehdas Vihna Oy perustettiin Helsingin Vallilaan vuonna 1948. Yhti\u00f6n omistussuhteista ei ole tietoa, mutta kelloalan asiantuntijana toimi kellokeksinn\u00f6ist\u00e4\u00e4n tunnettu kellosepp\u00e4 Lauri Helske.<\/p>\n<p>Aluksi Vihna valmisti Perkko Oy:n myyntiin sein\u00e4kelloja Leijona \u2013merkill\u00e4. Ilmeisesti Leijona \u2013sein\u00e4kellojen aika oli varsin lyhyt, sill\u00e4 Perkko markkinoi kelloja Kellosepp\u00e4 \u2013lehdess\u00e4 vain vuoden 1949 ajan.<\/p>\n<p>Vuoden 1950 alusta l\u00e4htien tukkukauppiaat alkoivat markkinoida Vihnan valmistamia Ready \u2013merkkisi\u00e4 sein\u00e4kelloja. Kauppiaina toimivat Kello-Tuomi Oy, Oy Suomen Kellosep\u00e4t Ab ja J.W. Lindroos Oy.<\/p>\n<p>Ready \u2013sein\u00e4kellot olivat jousik\u00e4ytt\u00f6isi\u00e4 heilurikelloja ja niiss\u00e4 oli \u201dbim-bam\u201d \u2013ly\u00f6nti, kuten Kello-Tuomi esitteli mainoksessaan. Kellokaapeista oli runsas valikoima: v\u00e4ris\u00e4vyin\u00e4 luonnonv\u00e4ri, vaalea, keskitumma ja tumma sek\u00e4 puulajeina koivu, loimukoivu, visakoivu, tammi, mahonki, jalava ja p\u00e4hkin\u00e4puu. Ready \u2013merkill\u00e4 valmistettiin my\u00f6s metallista py\u00f6re\u00e4\u00e4 toimistok\u00e4ytt\u00f6\u00f6n tarkoitettua kelloa.<\/p>\n<p>Kellotehdas Vihna Oy:n tarina j\u00e4i kuitenkin lyhyeksi. Vuoden 1951 alussa kelloa markkinoivat viel\u00e4 kaikki kolme tukkukauppiasta, mutta syksyll\u00e4 Kello-Tuomi Oy ilmoitti, ett\u00e4 Ready \u2013kellojen alennusmyynti jatkuu niin kauan kuin varastoa riitt\u00e4\u00e4. T\u00e4m\u00e4n j\u00e4lkeen Ready\u00e4 ei en\u00e4\u00e4 ilmoituksissa n\u00e4y.<\/p>\n<p><strong>L\u00e4hde:<\/strong> Suomen Kellomuseo<\/p>\n","protected":false},"excerpt":{"rendered":"<p>&nbsp;<\/p>\n<p>&nbsp;<\/p>\n","protected":false},"featured_media":6490,"comment_status":"closed","ping_status":"closed","template":"","meta":[],"product_cat":[20,201],"product_tag":[458,292,459,200],"_links":{"self":[{"href":"https:\/\/www.kellomuseo.fi\/holvi\/wp-json\/wp\/v2\/product\/5901"}],"collection":[{"href":"https:\/\/www.kellomuseo.fi\/holvi\/wp-json\/wp\/v2\/product"}],"about":[{"href":"https:\/\/www.kellomuseo.fi\/holvi\/wp-json\/wp\/v2\/types\/product"}],"replies":[{"embeddable":true,"href":"https:\/\/www.kellomuseo.fi\/holvi\/wp-json\/wp\/v2\/comments?post=5901"}],"wp:featuredmedia":[{"embeddable":true,"href":"https:\/\/www.kellomuseo.fi\/holvi\/wp-json\/wp\/v2\/media\/6490"}],"wp:attachment":[{"href":"https:\/\/www.kellomuseo.fi\/holvi\/wp-json\/wp\/v2\/media?parent=5901"}],"wp:term":[{"taxonomy":"product_cat","embeddable":true,"href":"https:\/\/www.kellomuseo.fi\/holvi\/wp-json\/wp\/v2\/product_cat?post=5901"},{"taxonomy":"product_tag","embeddable":true,"href":"https:\/\/www.kellomuseo.fi\/holvi\/wp-json\/wp\/v2\/product_tag?post=5901"}],"curies":[{"name":"wp","href":"https:\/\/api.w.org\/{rel}","templated":true}]}}