{"id":5899,"date":"2022-03-03T20:47:59","date_gmt":"2022-03-03T18:47:59","guid":{"rendered":"https:\/\/www.kellomuseo.fi\/holvi\/?post_type=product&#038;p=5899"},"modified":"2022-03-10T11:12:22","modified_gmt":"2022-03-10T09:12:22","slug":"valmet-instrumenttitehdas-oy","status":"publish","type":"product","link":"https:\/\/www.kellomuseo.fi\/holvi\/tuote\/valmet-instrumenttitehdas-oy\/","title":{"rendered":"Valmet Instrumenttitehdas Oy"},"content":{"rendered":"<p>&nbsp;<\/p>\n<p><strong>Valmet Instrumenttitehdas Oy 1949-1976 (Tampere)<\/strong><\/p>\n<p>Valtion metallitehtaat, Valmet Oy syntyi vuonna 1946, kun puolustusministeri\u00f6n alaisena toimineet ase-, ampumatarvike- ja lentokonetehtaat sek\u00e4 laivatelakka yhdistettiin. Valmetin valmius aloittaa kellotuotanto perustui Tampereella sijainneen lentokonetehtaan mittaritekniikkaan liittyv\u00e4\u00e4n osaamiseen. Alun perin yhti\u00f6n ilmoituksissa kellojen valmistajaksi mainittiinkin Lentokonetehdas, Hienomekaaninen osasto. My\u00f6hemmin kellot valmistettiin Valmetin Instrumenttitehtaassa Tampereen H\u00e4rm\u00e4l\u00e4ss\u00e4.<\/p>\n<p>Valmetin kellotuotanto aloitettiin 1950-luvun alussa. Aluksi valmistettiin ainoastaan sein\u00e4kelloja. Malleja oli kaikkiaan noin kymmenkunta. Vuonna 1954 tuotannossa oli kaikkiaan 18 kellomallia \u2013 sein\u00e4- ja p\u00f6yt\u00e4kelloja, sek\u00e4 ilmapuntareita. Koneistot valmistettiin p\u00e4\u00e4s\u00e4\u00e4nt\u00f6isesti Tampereella, mutta joissakin m\u00e4\u00e4rin tuotiin my\u00f6s ulkomailta.<\/p>\n<p>Kellojen kaapit ja kotelot olivat puuta, joko koivua tai jalopuuta, sek\u00e4 fajanssia ja muovia. Kellomallit nimettiin kotoisasti suomalaisin etunimin: mm. Olli, Matti, Antti, Jussi, Iisakki, Aino, Aila ja Rauni.<\/p>\n<p>Vuonna 1969 Pentti Kiuru sai Valmetin kellojen yksinmyyntioikeuden ja seuraavana vuonna my\u00f6s osa tuotannosta siirtyi Kiurulle. Valmet luopui lopullisesti kellotuotannosta vuonna 1976.<\/p>\n<p><strong>L\u00e4hde:<\/strong> Suomen Kellomuseo<\/p>\n","protected":false},"excerpt":{"rendered":"<p>&nbsp;<\/p>\n<p>&nbsp;<\/p>\n","protected":false},"featured_media":6490,"comment_status":"closed","ping_status":"closed","template":"","meta":[],"product_cat":[20,201],"product_tag":[450,449,446,448,454,447,445,444,443,112,451,453,200,452],"_links":{"self":[{"href":"https:\/\/www.kellomuseo.fi\/holvi\/wp-json\/wp\/v2\/product\/5899"}],"collection":[{"href":"https:\/\/www.kellomuseo.fi\/holvi\/wp-json\/wp\/v2\/product"}],"about":[{"href":"https:\/\/www.kellomuseo.fi\/holvi\/wp-json\/wp\/v2\/types\/product"}],"replies":[{"embeddable":true,"href":"https:\/\/www.kellomuseo.fi\/holvi\/wp-json\/wp\/v2\/comments?post=5899"}],"wp:featuredmedia":[{"embeddable":true,"href":"https:\/\/www.kellomuseo.fi\/holvi\/wp-json\/wp\/v2\/media\/6490"}],"wp:attachment":[{"href":"https:\/\/www.kellomuseo.fi\/holvi\/wp-json\/wp\/v2\/media?parent=5899"}],"wp:term":[{"taxonomy":"product_cat","embeddable":true,"href":"https:\/\/www.kellomuseo.fi\/holvi\/wp-json\/wp\/v2\/product_cat?post=5899"},{"taxonomy":"product_tag","embeddable":true,"href":"https:\/\/www.kellomuseo.fi\/holvi\/wp-json\/wp\/v2\/product_tag?post=5899"}],"curies":[{"name":"wp","href":"https:\/\/api.w.org\/{rel}","templated":true}]}}