{"id":5895,"date":"2022-03-03T20:27:58","date_gmt":"2022-03-03T18:27:58","guid":{"rendered":"https:\/\/www.kellomuseo.fi\/holvi\/?post_type=product&#038;p=5895"},"modified":"2022-03-10T15:34:30","modified_gmt":"2022-03-10T13:34:30","slug":"kellotehdas-hugo-stanley","status":"publish","type":"product","link":"https:\/\/www.kellomuseo.fi\/holvi\/tuote\/kellotehdas-hugo-stanley\/","title":{"rendered":"Kellotehdas Hugo Stanley"},"content":{"rendered":"<p>&nbsp;<\/p>\n<p><strong>Kellotehdas Hugo Stanley 1934-1972 (Lahti, Kymintie 5)<\/strong><\/p>\n<p>Kellosepp\u00e4 Hugo Stanley perusti kellosep\u00e4nliikkeen Lahteen vuonna 1924. Liikkeenpidon ohella h\u00e4n alkoi rakentaa s\u00e4hk\u00f6kelloja ja kymmenen vuoden kuluttua tuli ajankohtaiseksi perustaa varsinainen kellotehdas. Stanleyn kellotehdas valmisti p\u00e4\u00e4asiassa s\u00e4hk\u00f6ll\u00e4 toimivia keskuskelloj\u00e4rjestelmi\u00e4 rautatieasemille, kouluille ja tehtaisiin. Tehdas valmisti my\u00f6s ulkokelloja sek\u00e4 erilaisia tarkkuuskojeita ja \u2013laitteita.<\/p>\n<p>Stanleyn keskuskelloj\u00e4rjestelmien p\u00e4\u00e4kelloissa oli graham-k\u00e4yntilaite, jossa oli automaattinen veto- ja kosketinlaite, joka antoi virtasys\u00e4ykset sivukelloille ja ty\u00f6ajantarkistuskelloille. Kelloja valmistettiin my\u00f6s ns. ohjelmakoneistolla varustettuina, mik\u00e4 tarkoitti esimerkiksi koulujen k\u00e4yt\u00f6ss\u00e4 olleita kelloja, jotka \u00e4\u00e4nimerkill\u00e4 ilmaisivat oppituntien alkamis- ja p\u00e4\u00e4ttymisajankohdat. Stanleyn kellotehdas ty\u00f6llisti kymmenkunta ihmist\u00e4 ja se oli hyvin ajanmukaisin konein ja laittein varustettu.<\/p>\n<p class=\"Esimuotoiltuteksti\"><span style=\"font-size: 11.0pt; font-family: 'Arial',sans-serif;\">Hugo Stanleyn kuoleman j\u00e4lkeen vuonna 1956 h\u00e4nen poikansa Arent ja Oswald Stanley jatkoivat tehtaan toimintaa vuoteen 1972 saakk<\/span><span style=\"font-size: 11.0pt; font-family: 'Arial',sans-serif;\">a.<\/span><a href=\"http:\/\/horsehairjewelrynannasalmi.blogspot.com\/\"><span style=\"font-size: 11.0pt; font-family: 'Arial',sans-serif;\"><br \/>\n<\/span><\/a><\/p>\n<p><strong>L\u00e4hde:<\/strong> Suomen Kellomuseo<\/p>\n","protected":false},"excerpt":{"rendered":"<p>&nbsp;<\/p>\n<p>&nbsp;<\/p>\n","protected":false},"featured_media":6490,"comment_status":"closed","ping_status":"closed","template":"","meta":[],"product_cat":[20,201],"product_tag":[440,439,433,434,317,441,200],"_links":{"self":[{"href":"https:\/\/www.kellomuseo.fi\/holvi\/wp-json\/wp\/v2\/product\/5895"}],"collection":[{"href":"https:\/\/www.kellomuseo.fi\/holvi\/wp-json\/wp\/v2\/product"}],"about":[{"href":"https:\/\/www.kellomuseo.fi\/holvi\/wp-json\/wp\/v2\/types\/product"}],"replies":[{"embeddable":true,"href":"https:\/\/www.kellomuseo.fi\/holvi\/wp-json\/wp\/v2\/comments?post=5895"}],"wp:featuredmedia":[{"embeddable":true,"href":"https:\/\/www.kellomuseo.fi\/holvi\/wp-json\/wp\/v2\/media\/6490"}],"wp:attachment":[{"href":"https:\/\/www.kellomuseo.fi\/holvi\/wp-json\/wp\/v2\/media?parent=5895"}],"wp:term":[{"taxonomy":"product_cat","embeddable":true,"href":"https:\/\/www.kellomuseo.fi\/holvi\/wp-json\/wp\/v2\/product_cat?post=5895"},{"taxonomy":"product_tag","embeddable":true,"href":"https:\/\/www.kellomuseo.fi\/holvi\/wp-json\/wp\/v2\/product_tag?post=5895"}],"curies":[{"name":"wp","href":"https:\/\/api.w.org\/{rel}","templated":true}]}}