{"id":5893,"date":"2022-03-03T16:41:35","date_gmt":"2022-03-03T14:41:35","guid":{"rendered":"https:\/\/www.kellomuseo.fi\/holvi\/?post_type=product&#038;p=5893"},"modified":"2022-06-09T15:05:00","modified_gmt":"2022-06-09T12:05:00","slug":"hengissa-isan-kadonnut-kello","status":"publish","type":"product","link":"https:\/\/www.kellomuseo.fi\/holvi\/tuote\/hengissa-isan-kadonnut-kello\/","title":{"rendered":"HENGISS\u00c4! Is\u00e4n kadonnut kello"},"content":{"rendered":"<p><strong>17.10.1979<\/strong><\/p>\n<p><em>Is\u00e4 kuoli rakkaan harrastuksensa kalastuksen parissa sairauskohtaukseen. H\u00e4nen kellonsa on ollut ranteessa n\u00e4in ollen viimeist\u00e4 kertaa.<\/em><\/p>\n<p>Kello ehti palvella is\u00e4\u00e4ni noin 13 vuotta. Se lienee hankittu vuosien 1966-67 tienoolla. Ensimm\u00e4inen j\u00e4lki siit\u00e4 on vanhempieni kihlajaisten aikoihin otetuissa valokuvissa vuonna 1967.<\/p>\n<p>Kuvista ei pysty p\u00e4\u00e4ttelem\u00e4\u00e4n kellon merkki\u00e4. Mieleeni oli kuitenkin j\u00e4\u00e4nyt kellotaulusta sanat Swiss Made.<\/p>\n<p>Olin is\u00e4n kuollessa 9-vuotias.<\/p>\n<p>Muistan viel\u00e4 koulup\u00e4iv\u00e4n j\u00e4lkeisen matkan sairaalaan ja lopullisen vahvistuksen. Muistan saman illan synk\u00e4t hetket sukulaisperheess\u00e4 is\u00e4n veljen luona. H\u00e4nen lompakko, rahat ja kellonsa olivat kuivumassa olohuoneessa. Koska kuolema yll\u00e4tti veden varassa, ne ehtiv\u00e4t kastua pintavedess\u00e4 ennen avunsaamista.<\/p>\n<p>Ihmisi\u00e4 tuli surunvalittelujen ja osanottojen kera.<\/p>\n<p>Lopulta l\u00e4hdimme kotiin. Kaikkialla oli kylm\u00e4\u00e4 ja pime\u00e4\u00e4.<\/p>\n<p>El\u00e4m\u00e4n oli jatkuttava.<\/p>\n<p>En n\u00e4hnyt kelloa en\u00e4\u00e4 tuon kohtalokkaan p\u00e4iv\u00e4n j\u00e4lkeen.<\/p>\n<p>&nbsp;<\/p>\n<p><img decoding=\"async\" loading=\"lazy\" class=\"alignnone size-medium wp-image-5923\" src=\"http:\/\/www.kellomuseo.fi\/holvi\/wp-content\/uploads\/2022\/03\/KUVA-1-300x300.jpg\" alt=\"\" width=\"300\" height=\"300\" srcset=\"https:\/\/www.kellomuseo.fi\/holvi\/wp-content\/uploads\/2022\/03\/KUVA-1-300x300.jpg 300w, https:\/\/www.kellomuseo.fi\/holvi\/wp-content\/uploads\/2022\/03\/KUVA-1-1024x1024.jpg 1024w, https:\/\/www.kellomuseo.fi\/holvi\/wp-content\/uploads\/2022\/03\/KUVA-1-150x150.jpg 150w, https:\/\/www.kellomuseo.fi\/holvi\/wp-content\/uploads\/2022\/03\/KUVA-1-768x768.jpg 768w, https:\/\/www.kellomuseo.fi\/holvi\/wp-content\/uploads\/2022\/03\/KUVA-1-1536x1536.jpg 1536w, https:\/\/www.kellomuseo.fi\/holvi\/wp-content\/uploads\/2022\/03\/KUVA-1-600x600.jpg 600w, https:\/\/www.kellomuseo.fi\/holvi\/wp-content\/uploads\/2022\/03\/KUVA-1-100x100.jpg 100w, https:\/\/www.kellomuseo.fi\/holvi\/wp-content\/uploads\/2022\/03\/KUVA-1.jpg 1772w\" sizes=\"(max-width: 300px) 100vw, 300px\" \/><\/p>\n<p><strong>KUVA 1<\/strong>. Is\u00e4 kalastamassa vuonna 1977. Kello tietysti ranteessa.<\/p>\n<p><strong>Kuva:<\/strong> Kyll\u00f6sten perhealbumi<\/p>\n<p><strong>Kuvan skannaus:<\/strong> Maarit Ahtonen<\/p>\n<p>&nbsp;<\/p>\n<p>Vuosikymmenien kuluessa kello ilmaantui muistikuviini usein. Olihan se yksi konkreettinen, vaikuttava visuaalinen muisto is\u00e4st\u00e4ni. Todenn\u00e4k\u00f6isesti katselin sit\u00e4 lapsena usein h\u00e4nen ranteessaan.<\/p>\n<p>Etsiskelin kelloa satunnaisesti, kyselin my\u00f6s \u00e4idilt\u00e4ni. Mahdollisena pidettiin, ett\u00e4 kello olisi saattanut p\u00e4\u00e4ty\u00e4 jollekin is\u00e4lle l\u00e4heiselle sukulaismiehelle. Asiaa ei kuitenkaan tullut selvitelty\u00e4 enemp\u00e4\u00e4.<\/p>\n<p>Kiinnostus h\u00e4nen kelloaan kohtaan kasvoi toden teolla, kun innostuin keski-ik\u00e4istytty\u00e4ni perehtym\u00e4\u00e4n syv\u00e4llisemmin rannekellojen ihmeelliseen maailmaan.<\/p>\n<p>Huomasin melko nopeasti olevani Tissot-mies ja tutkailevani yh\u00e4 useammin mekaanisten kellojen hienouksia.<\/p>\n<p>Lopulta hankin Tissotin Heritage-sarjaan kuuluvan Petite Seconden. Sen esikuvana toimii vuoden 1943 malli, jossa on oma pieni sekuntitaulunsa.<\/p>\n<p>N\u00e4in sattumalta sellaisen internetin kellofoorumilla. Hetken luulin todella katsovani is\u00e4ni kelloa. Is\u00e4n kellossa nimitt\u00e4in oli muistini mukaan samanlainen \u201dpikkusekunti\u201d. Hopeinen yleisilmekin t\u00e4sm\u00e4si. Ostop\u00e4\u00e4t\u00f6s oli v\u00e4lit\u00f6n.<\/p>\n<p>Yksityiskohtana viel\u00e4 se, ett\u00e4 is\u00e4n syntym\u00e4vuosi on 1943.<\/p>\n<p>Ent\u00e4 oliko is\u00e4n kello kenties ollut Tissot?<\/p>\n<p>&nbsp;<\/p>\n<p><img decoding=\"async\" loading=\"lazy\" class=\"alignnone size-medium wp-image-5924\" src=\"http:\/\/www.kellomuseo.fi\/holvi\/wp-content\/uploads\/2022\/03\/KUVA-2-300x262.jpg\" alt=\"\" width=\"300\" height=\"262\" srcset=\"https:\/\/www.kellomuseo.fi\/holvi\/wp-content\/uploads\/2022\/03\/KUVA-2-300x262.jpg 300w, https:\/\/www.kellomuseo.fi\/holvi\/wp-content\/uploads\/2022\/03\/KUVA-2-1024x894.jpg 1024w, https:\/\/www.kellomuseo.fi\/holvi\/wp-content\/uploads\/2022\/03\/KUVA-2-768x671.jpg 768w, https:\/\/www.kellomuseo.fi\/holvi\/wp-content\/uploads\/2022\/03\/KUVA-2-1536x1341.jpg 1536w, https:\/\/www.kellomuseo.fi\/holvi\/wp-content\/uploads\/2022\/03\/KUVA-2-2048x1788.jpg 2048w, https:\/\/www.kellomuseo.fi\/holvi\/wp-content\/uploads\/2022\/03\/KUVA-2-600x524.jpg 600w\" sizes=\"(max-width: 300px) 100vw, 300px\" \/><\/p>\n<p><strong>KUVA 2.<\/strong> Tissot Heritage 1943 \u201dPetite Seconde\u201d<\/p>\n<p><strong>Kuva:<\/strong> Tarmo Kyll\u00f6nen<\/p>\n<p>&nbsp;<\/p>\n<p><strong>15.1.2022<\/strong><\/p>\n<p><em>Viel\u00e4 kerran k\u00e4yty l\u00e4pi kaikki nuoruusmuistoja sis\u00e4lt\u00e4v\u00e4t s\u00e4ilytyslaatikkoni, joissa sin\u00e4ll\u00e4\u00e4n ei pit\u00e4nyt olla mit\u00e4\u00e4n erityisen arvokasta. Etenkin ne, joita ei useampaan muuttoon ollut avattu ollenkaan.<\/em><\/p>\n<p>P\u00e4\u00e4tin, ett\u00e4 kuutiomillimetri\u00e4k\u00e4\u00e4n ei j\u00e4\u00e4 tutkimatta. Kerran viel\u00e4, kaikki paikat l\u00e4pikotaisin. Koska kelloa ei tiet\u00e4\u00e4ksemme ollut annettu kenellek\u00e4\u00e4n tuntemalleni henkil\u00f6lle, sen yksinkertaisesti t\u00e4ytyi olla jossain kotonani.<\/p>\n<p>Jotenkin vain <em>tiesin<\/em> sen olevan.<\/p>\n<p>Aikamoisen urakan etsint\u00e4 vaati. Lopulta vaivann\u00e4k\u00f6 palkittiin. Monta muuta asiaa ja esinett\u00e4, kadotetuksi luultua, l\u00f6ytyi hienoine muistoineen ennen varsinaista t\u00e4ysosumaa.<\/p>\n<p>Yht\u00e4 kaikki, sellaisten lapsuusmuistojeni joukosta, joita en tiennyt edes s\u00e4ilytetyn, se melkoisen patinoitunut aarre antautui n\u00e4kyviin.<\/p>\n<p>Kello oli kokenut kovia ulkoisesti, ilmiselv\u00e4sti perusteellisen huollon tarpeessa. Sill\u00e4 ei kuitenkaan ollut mit\u00e4\u00e4n merkityst\u00e4.<\/p>\n<p>En\u00e4\u00e4 se ei katoaisi. Vain se ajatus oli t\u00e4rke\u00e4.<\/p>\n<p>&nbsp;<\/p>\n<p><img decoding=\"async\" loading=\"lazy\" class=\"alignnone size-medium wp-image-5925\" src=\"http:\/\/www.kellomuseo.fi\/holvi\/wp-content\/uploads\/2022\/03\/KUVA-3-300x285.jpg\" alt=\"\" width=\"300\" height=\"285\" srcset=\"https:\/\/www.kellomuseo.fi\/holvi\/wp-content\/uploads\/2022\/03\/KUVA-3-300x285.jpg 300w, https:\/\/www.kellomuseo.fi\/holvi\/wp-content\/uploads\/2022\/03\/KUVA-3-1024x974.jpg 1024w, https:\/\/www.kellomuseo.fi\/holvi\/wp-content\/uploads\/2022\/03\/KUVA-3-768x731.jpg 768w, https:\/\/www.kellomuseo.fi\/holvi\/wp-content\/uploads\/2022\/03\/KUVA-3-1536x1461.jpg 1536w, https:\/\/www.kellomuseo.fi\/holvi\/wp-content\/uploads\/2022\/03\/KUVA-3-2048x1948.jpg 2048w, https:\/\/www.kellomuseo.fi\/holvi\/wp-content\/uploads\/2022\/03\/KUVA-3-600x571.jpg 600w\" sizes=\"(max-width: 300px) 100vw, 300px\" \/><\/p>\n<p><strong>KUVA 3.<\/strong> N\u00e4ht\u00e4vill\u00e4 taas 43-vuotisen katoamistemppunsa j\u00e4lkeen!<\/p>\n<p><strong>Kuva:<\/strong> Tarmo Kyll\u00f6nen<\/p>\n<p>&nbsp;<\/p>\n<p>Sveitsil\u00e4inen Candino Incabloc 17 Rubis. Viimeisill\u00e4 hetkill\u00e4\u00e4nkin se h\u00e4nen ranteessaan on ollut, ja jatkanut k\u00e4ynti\u00e4\u00e4n senkin j\u00e4lkeen. Ainakin tovin, vetonsa loppuun.<\/p>\n<p>Ei minulla ole sanoja kuvaamaan hetken koskettavuutta. Siin\u00e4 se nyt sitten lopultakin oli. Ik\u00e4\u00e4n kuin jotain is\u00e4st\u00e4 olisi tullut hetkeksi ihan l\u00e4helle, kosketeltavaksi.<\/p>\n<p>Paljon isommaksi kooltaan kellon kyll\u00e4kin muistin. Toisaalta, en ollut viel\u00e4 kymment\u00e4k\u00e4\u00e4n t\u00e4ytt\u00e4nyt, joten kookkaampi se suhteessa omaan ranteeseeni silloin on ollutkin.<\/p>\n<p>Omien poikieni kanssa sit\u00e4 my\u00f6s huolella tarkasteltiin. Kaikki tulvaportithan minulla siin\u00e4 jossain kohtaa repesi. Muistojen l\u00e4mp\u00f6, mutta my\u00f6s viilt\u00e4vyys, t\u00e4yttiv\u00e4t vuoron per\u00e4\u00e4n syd\u00e4nt\u00e4ni. Joutui j\u00e4lkikasvu vuorostaan lohduttelemaan is\u00e4\u00e4ns\u00e4. Halaamalla, selk\u00e4\u00e4n taputtelemalla ja rauhallisin \u00e4\u00e4nenpainoin:<\/p>\n<p>Isk\u00e4, ei ole mit\u00e4\u00e4n h\u00e4t\u00e4\u00e4.<\/p>\n<p>Todenn\u00e4k\u00f6isimmin kello on hankittu hieman ennen vanhempieni kihlajaisia vuonna 1967. Is\u00e4 on nimitt\u00e4in antanut \u00e4idilleni kihlajaisp\u00e4iv\u00e4n\u00e4 niin ik\u00e4\u00e4n Candinon, siron ja kullanv\u00e4risen. Se meill\u00e4 on tallella. Ehk\u00e4 is\u00e4 osti kellot samanaikaisesti.<\/p>\n<p>Sit\u00e4 \u00e4iti ei kuitenkaan en\u00e4\u00e4 muistanut, ett\u00e4 oli aikoinaan miesvainajansa kellon s\u00e4\u00e4st\u00e4nyt pojalleen. Kuolemaa seuranneiden muutosten yhteydess\u00e4 on varmasti ollut isompaakin asiaa toimitettavana. Suruty\u00f6kin l\u00e4pik\u00e4yt\u00e4v\u00e4n\u00e4.<\/p>\n<p>Kiitollisena t\u00e4t\u00e4kin asiaa h\u00e4nen toiminnassaan ajattelen.<\/p>\n<p>&nbsp;<\/p>\n<p><strong>22.1.2022<\/strong><\/p>\n<p><em>Candino toimitettu kellosepp\u00e4 Juha Huuskoselle Vihdin Nummelaan arvioitavaksi. Henkist\u00e4 valmistautumista siihen, ett\u00e4 kellosta ei saa en\u00e4\u00e4 toimivaa. <\/em><\/p>\n<p>K\u00e4vimme kellosep\u00e4n kanssa keskustelua huollosta ja korjauksista. Toimintakyky oli h\u00e4nen mukaansa todenn\u00e4k\u00f6isesti saavutettavissa, vaikka koneisto olikin kokenut hieman kosteutta ja t\u00e4st\u00e4 aiheutunutta korroosiota.<\/p>\n<p>Sovimme alustavista yksityiskohdista siihen liittyen, millainen lopputulos olisi j\u00e4rkev\u00e4sti ajatellen saavutettavissa. Eli pelkk\u00e4 muistoesinek\u00f6, vaiko sen lis\u00e4ksi toimiva kello.<\/p>\n<p>Sep\u00e4ll\u00e4 oli hallussaan mahdollisia elintenluovuttajia, mik\u00e4li osia olisi vaihdettava kokonaan. T\u00e4m\u00e4 tieto lupasi hyv\u00e4\u00e4. Kellolla oli n\u00e4in ollen aivan realistisia mahdollisuuksia uuteen el\u00e4m\u00e4\u00e4n.<\/p>\n<p>&nbsp;<\/p>\n<p><img decoding=\"async\" loading=\"lazy\" class=\"alignnone size-medium wp-image-5926\" src=\"http:\/\/www.kellomuseo.fi\/holvi\/wp-content\/uploads\/2022\/03\/KUVA-4-219x300.jpg\" alt=\"\" width=\"219\" height=\"300\" srcset=\"https:\/\/www.kellomuseo.fi\/holvi\/wp-content\/uploads\/2022\/03\/KUVA-4-219x300.jpg 219w, https:\/\/www.kellomuseo.fi\/holvi\/wp-content\/uploads\/2022\/03\/KUVA-4-748x1024.jpg 748w, https:\/\/www.kellomuseo.fi\/holvi\/wp-content\/uploads\/2022\/03\/KUVA-4-768x1052.jpg 768w, https:\/\/www.kellomuseo.fi\/holvi\/wp-content\/uploads\/2022\/03\/KUVA-4-600x822.jpg 600w, https:\/\/www.kellomuseo.fi\/holvi\/wp-content\/uploads\/2022\/03\/KUVA-4.jpg 882w\" sizes=\"(max-width: 219px) 100vw, 219px\" \/><\/p>\n<p><strong>KUVA 4.<\/strong> Avattuna kellosep\u00e4ll\u00e4 huoltoa varten.<\/p>\n<p><strong>Kuva:<\/strong> Juha Huuskonen<\/p>\n<p>&nbsp;<\/p>\n<p>Kaikkeen oli kuitenkin varauduttava. Lopullinen varmuus selvi\u00e4isi vasta kun kello olisi avattu kokonaan. Joka tapauksessa ilo kellon l\u00f6ytymisest\u00e4 peitti helposti muun pohdinnan alleen. Ja onhan is\u00e4n kello meille niin mittaamattoman kallis tunnearvoltaan, ett\u00e4 sille kuului arvoisensa huolto, vaikka kohtalona olisikin j\u00e4\u00e4d\u00e4 vitriiniin ilman ajann\u00e4ytt\u00f6ominaisuutta.<\/p>\n<p>Muutamia viikkoja my\u00f6hemmin kellosepp\u00e4 ilmoitti Candinon olevan valmis. Olin juuri talvilomamatkalla. Sovimme noudosta sen j\u00e4lkeen.<\/p>\n<p>&nbsp;<\/p>\n<p><strong>24.2.2022<\/strong><\/p>\n<p><em>Kello noudettu sep\u00e4lt\u00e4. Huollettuna ja v\u00e4ltt\u00e4m\u00e4tt\u00f6m\u00e4t osat vaihdettuna. Sep\u00e4n takuuty\u00f6n\u00e4.<\/em><\/p>\n<p>&nbsp;<\/p>\n<p><img decoding=\"async\" loading=\"lazy\" class=\"alignnone size-medium wp-image-5927\" src=\"http:\/\/www.kellomuseo.fi\/holvi\/wp-content\/uploads\/2022\/03\/KUVA-5-300x266.jpg\" alt=\"\" width=\"300\" height=\"266\" srcset=\"https:\/\/www.kellomuseo.fi\/holvi\/wp-content\/uploads\/2022\/03\/KUVA-5-300x266.jpg 300w, https:\/\/www.kellomuseo.fi\/holvi\/wp-content\/uploads\/2022\/03\/KUVA-5-1024x909.jpg 1024w, https:\/\/www.kellomuseo.fi\/holvi\/wp-content\/uploads\/2022\/03\/KUVA-5-768x682.jpg 768w, https:\/\/www.kellomuseo.fi\/holvi\/wp-content\/uploads\/2022\/03\/KUVA-5-1536x1364.jpg 1536w, https:\/\/www.kellomuseo.fi\/holvi\/wp-content\/uploads\/2022\/03\/KUVA-5-2048x1819.jpg 2048w, https:\/\/www.kellomuseo.fi\/holvi\/wp-content\/uploads\/2022\/03\/KUVA-5-600x533.jpg 600w\" sizes=\"(max-width: 300px) 100vw, 300px\" \/> <img decoding=\"async\" loading=\"lazy\" class=\"alignnone size-medium wp-image-5928\" src=\"http:\/\/www.kellomuseo.fi\/holvi\/wp-content\/uploads\/2022\/03\/KUVA-6-300x263.jpg\" alt=\"\" width=\"300\" height=\"263\" srcset=\"https:\/\/www.kellomuseo.fi\/holvi\/wp-content\/uploads\/2022\/03\/KUVA-6-300x263.jpg 300w, https:\/\/www.kellomuseo.fi\/holvi\/wp-content\/uploads\/2022\/03\/KUVA-6-1024x897.jpg 1024w, https:\/\/www.kellomuseo.fi\/holvi\/wp-content\/uploads\/2022\/03\/KUVA-6-768x672.jpg 768w, https:\/\/www.kellomuseo.fi\/holvi\/wp-content\/uploads\/2022\/03\/KUVA-6-600x525.jpg 600w, https:\/\/www.kellomuseo.fi\/holvi\/wp-content\/uploads\/2022\/03\/KUVA-6.jpg 1326w\" sizes=\"(max-width: 300px) 100vw, 300px\" \/><\/p>\n<p><strong>KUVAT 5-6.<\/strong> Valmiina ja toimintakunnossa.<\/p>\n<p><strong>Kuvat:<\/strong> Tarmo Kyll\u00f6nen<\/p>\n<p>&nbsp;<\/p>\n<p>Uskomatonta!<\/p>\n<p>Mit\u00e4\u00e4n muuta en saanut suustani sep\u00e4n ojentaessa kellon n\u00e4ht\u00e4v\u00e4kseni.<\/p>\n<p>Se oli kunnostettu k\u00e4sitt\u00e4m\u00e4tt\u00f6m\u00e4n hyv\u00e4ll\u00e4 maulla. Alkuper\u00e4ist\u00e4 kunnioittaen, ei ollenkaan liian steriiliksi. Sepp\u00e4 oli antanut sen pit\u00e4\u00e4 arvokkaan vanhenemisensa.<\/p>\n<p>Kaiken kruunasi kellon saattaminen onnistuneesti j\u00e4lleen k\u00e4yntikuntoiseksi.<\/p>\n<p>En olisi voinut olla tyytyv\u00e4isempi.<\/p>\n<p>Jos is\u00e4ni olisi ollut paikalla sen n\u00e4kem\u00e4ss\u00e4, h\u00e4n olisi aivan varmasti tunnistanut kellonsa omakseen. T\u00e4m\u00e4 ajatus oli hyvin l\u00e4mmitt\u00e4v\u00e4, t\u00e4rke\u00e4.<\/p>\n<p>Se her\u00e4si henkiin, sittenkin. En\u00e4\u00e4 se ei katoa minnek\u00e4\u00e4n.<\/p>\n<p>Sanaton kiitollisuudessani.<\/p>\n<p>&nbsp;<\/p>\n<p><em><strong>Kiitokset:<\/strong> Kellosepp\u00e4 JHuuskonen, Vihti<\/em><\/p>\n<p><em>M-E Kuva, Kuhmo<\/em><\/p>\n<p>&nbsp;<\/p>\n","protected":false},"excerpt":{"rendered":"<p><strong>Kuva:<\/strong> Anonyymi<\/p>\n","protected":false},"featured_media":5923,"comment_status":"closed","ping_status":"closed","template":"","meta":[],"product_cat":[31,237,38,212,230],"product_tag":[432,30,63,62],"_links":{"self":[{"href":"https:\/\/www.kellomuseo.fi\/holvi\/wp-json\/wp\/v2\/product\/5893"}],"collection":[{"href":"https:\/\/www.kellomuseo.fi\/holvi\/wp-json\/wp\/v2\/product"}],"about":[{"href":"https:\/\/www.kellomuseo.fi\/holvi\/wp-json\/wp\/v2\/types\/product"}],"replies":[{"embeddable":true,"href":"https:\/\/www.kellomuseo.fi\/holvi\/wp-json\/wp\/v2\/comments?post=5893"}],"wp:featuredmedia":[{"embeddable":true,"href":"https:\/\/www.kellomuseo.fi\/holvi\/wp-json\/wp\/v2\/media\/5923"}],"wp:attachment":[{"href":"https:\/\/www.kellomuseo.fi\/holvi\/wp-json\/wp\/v2\/media?parent=5893"}],"wp:term":[{"taxonomy":"product_cat","embeddable":true,"href":"https:\/\/www.kellomuseo.fi\/holvi\/wp-json\/wp\/v2\/product_cat?post=5893"},{"taxonomy":"product_tag","embeddable":true,"href":"https:\/\/www.kellomuseo.fi\/holvi\/wp-json\/wp\/v2\/product_tag?post=5893"}],"curies":[{"name":"wp","href":"https:\/\/api.w.org\/{rel}","templated":true}]}}