{"id":3786,"date":"2022-01-21T11:24:34","date_gmt":"2022-01-21T09:24:34","guid":{"rendered":"https:\/\/www.kellomuseo.fi\/holvi\/?post_type=product&#038;p=3786"},"modified":"2022-01-21T11:57:05","modified_gmt":"2022-01-21T09:57:05","slug":"raekello","status":"publish","type":"product","link":"https:\/\/www.kellomuseo.fi\/holvi\/tuote\/raekello\/","title":{"rendered":"Raekello"},"content":{"rendered":"<p>Kellosepp\u00e4mestari Lauri Helskeen vuosina 1934-1936 suunnitteleman ja valmistaman raekellon sanotaan olevan yksi maailman tarkimmista mekaanisista kelloista. Raekellon rakentamiseen kului 4000 tuntia. Kellon ensiesittely tapahtui Suomen Kellosepp\u00e4liiton 30-vuotisjuhlan\u00e4yttelyss\u00e4 elokuussa 1936. Pariisin maailmann\u00e4yttelyss\u00e4 kello oli esill\u00e4 1937, jolloin se sai kultamitalin ja kunniadiplomin. Seuraavana vuonna kello oli esill\u00e4 Berliinin k\u00e4sity\u00f6- ja teollisuusn\u00e4yttelyss\u00e4, jossa se sai mitalin ja kunniamaininnan.<\/p>\n<p>Suomen Kellosepp\u00e4liitto ry osti kellon 1955. Kello painaa 120 kiloa. Se on sijoitettu tyhji\u00f6kupuun, johon pumpataan alipaine, joka suojelee kelloa ilmanpaineen vaihteluiden aiheuttamilta muutoksilta. Rukkaus voidaan suorittaa ilmahanan kautta. Kello vet\u00e4\u00e4 itse itsens\u00e4 s\u00e4hk\u00f6moottorin avulla. Kellon tarkkuus perustuu tasapainoheiluriin ja sille heilahdusvoiman antaviin 300 milligrammaa painaviin rakeisiin. Kuusi kiloa painava invarmetallinen heiluri on vapaa eli siin\u00e4 ei ole heilurijousta. Rae antaa heilurille 1\/10\u00b0 sys\u00e4yksen ja se heilahtaa 1 1\/2\u00b0. Heilurissa on poikkitanko, johon porattuihin reikiin rakeet on asetettu. Kellon k\u00e4yntitarkkuuden on sanottu olevan normaaliolosuhteissa 0,0033 sekuntia vuorokaudessa. N\u00e4in ollen se tekisi yhden minuutin k\u00e4yntivirheen n. 50 vuodessa.<\/p>\n","protected":false},"excerpt":{"rendered":"<p>Raekello<\/p>\n<p>Kuva: Suomen kello- ja korumuseo Kruunu<\/p>\n<p>&nbsp;<\/p>\n","protected":false},"featured_media":3792,"comment_status":"closed","ping_status":"closed","template":"","meta":[],"product_cat":[20],"product_tag":[30,292,291],"_links":{"self":[{"href":"https:\/\/www.kellomuseo.fi\/holvi\/wp-json\/wp\/v2\/product\/3786"}],"collection":[{"href":"https:\/\/www.kellomuseo.fi\/holvi\/wp-json\/wp\/v2\/product"}],"about":[{"href":"https:\/\/www.kellomuseo.fi\/holvi\/wp-json\/wp\/v2\/types\/product"}],"replies":[{"embeddable":true,"href":"https:\/\/www.kellomuseo.fi\/holvi\/wp-json\/wp\/v2\/comments?post=3786"}],"wp:featuredmedia":[{"embeddable":true,"href":"https:\/\/www.kellomuseo.fi\/holvi\/wp-json\/wp\/v2\/media\/3792"}],"wp:attachment":[{"href":"https:\/\/www.kellomuseo.fi\/holvi\/wp-json\/wp\/v2\/media?parent=3786"}],"wp:term":[{"taxonomy":"product_cat","embeddable":true,"href":"https:\/\/www.kellomuseo.fi\/holvi\/wp-json\/wp\/v2\/product_cat?post=3786"},{"taxonomy":"product_tag","embeddable":true,"href":"https:\/\/www.kellomuseo.fi\/holvi\/wp-json\/wp\/v2\/product_tag?post=3786"}],"curies":[{"name":"wp","href":"https:\/\/api.w.org\/{rel}","templated":true}]}}