{"id":3674,"date":"2022-01-19T13:55:52","date_gmt":"2022-01-19T11:55:52","guid":{"rendered":"https:\/\/www.kellomuseo.fi\/holvi\/?post_type=product&#038;p=3674"},"modified":"2022-03-09T10:08:19","modified_gmt":"2022-03-09T08:08:19","slug":"anu-kirkinen","status":"publish","type":"product","link":"https:\/\/www.kellomuseo.fi\/holvi\/tuote\/anu-kirkinen\/","title":{"rendered":"Anu Kirkinen"},"content":{"rendered":"<p><span data-contrast=\"auto\"><strong>Pohjakoulutukseni ja ty\u00f6kokemukseni:<\/strong><\/span><span data-ccp-props=\"{&quot;201341983&quot;:0,&quot;335559739&quot;:160,&quot;335559740&quot;:240}\">\u00a0<\/span><\/p>\n<p><span data-contrast=\"none\">YO, Kivi- ja metallialan artesaani, erikoismaalari, tyylihuonekaluverhoilija sek\u00e4 kuvataiteen ett\u00e4 kasvatustieteen opintoja, lis\u00e4ksi kaikenmaailman kursseja.<\/span><span data-ccp-props=\"{&quot;201341983&quot;:0,&quot;335551550&quot;:6,&quot;335551620&quot;:6,&quot;335559739&quot;:160,&quot;335559740&quot;:240}\">\u00a0<\/span><\/p>\n<p><span data-contrast=\"auto\">\u00a0<\/span><\/p>\n<p><span data-contrast=\"auto\"><strong>Mist\u00e4 saat inspiraatiota?\u00a0<\/strong><\/span><span data-ccp-props=\"{&quot;201341983&quot;:0,&quot;335559739&quot;:160,&quot;335559740&quot;:240}\">\u00a0<\/span><\/p>\n<p><span data-contrast=\"none\">Ymp\u00e4rill\u00e4 olevista ja olevasta. Kaikki n\u00e4kyv\u00e4 ja n\u00e4kym\u00e4t\u00f6n kiinnostaa. Aistit tekev\u00e4t havaintoja ja piirtyv\u00e4t usein kuvina (tai sanoina) mieleen.<\/span><span data-ccp-props=\"{&quot;201341983&quot;:0,&quot;335551550&quot;:6,&quot;335551620&quot;:6,&quot;335559739&quot;:160,&quot;335559740&quot;:240}\">\u00a0<\/span><\/p>\n<p><span data-contrast=\"none\">\u00a0<\/span><\/p>\n<p><span data-contrast=\"none\"><strong>Mitk\u00e4 ovat t\u00e4rkeimpi\u00e4 teemoja t\u00f6iss\u00e4si?<\/strong><\/span><span data-ccp-props=\"{&quot;201341983&quot;:0,&quot;335559739&quot;:160,&quot;335559740&quot;:240}\">\u00a0<\/span><\/p>\n<p><span data-contrast=\"none\">Tietynlainen primitiivisyys ja rujous on aina ollut osa visuaalista maailmaani. Minua kiehtoo my\u00f6s tasapaino suhteessa symmetriaan sek\u00e4 materiaalien, muotojen ja v\u00e4rien vastakohdat sek\u00e4 niiden v\u00e4liset ristiriidat.<\/span><span data-ccp-props=\"{&quot;201341983&quot;:0,&quot;335551550&quot;:6,&quot;335551620&quot;:6,&quot;335559739&quot;:160,&quot;335559740&quot;:240}\">\u00a0<\/span><\/p>\n<p><span data-contrast=\"none\">\u00a0<\/span><\/p>\n<p><span data-contrast=\"auto\"><strong>Kaipaatko rauhaa vai vilin\u00e4\u00e4, miten se n\u00e4kyy arjessasi?<\/strong><\/span><span data-ccp-props=\"{&quot;201341983&quot;:0,&quot;335559739&quot;:160,&quot;335559740&quot;:240}\">\u00a0<\/span><\/p>\n<p><span data-contrast=\"auto\">\u00a0<\/span><span data-contrast=\"none\">Koska taiteellinen ty\u00f6skentelyni on t\u00e4ll\u00e4 hetkell\u00e4 sivutoimista, nk. normiarki on melko vilkasta ja sosiaalista. Usein minulla onkin tarve vet\u00e4yty\u00e4 rauhaan omalle ty\u00f6huoneelle, menn\u00e4 mets\u00e4\u00e4n tai kuntosalille, kun olen vapaalla. Toisinaan kunnon l\u00f6ylyt yst\u00e4vien kanssa tai kissan kanssa p\u00f6tk\u00f6ttely ovat niit\u00e4 arjen herkkuhetki\u00e4 sek\u00e4 jopa edellytyksi\u00e4 luovuuden kehittymiselle.<\/span><span data-ccp-props=\"{&quot;201341983&quot;:0,&quot;335551550&quot;:6,&quot;335551620&quot;:6,&quot;335559739&quot;:160,&quot;335559740&quot;:240}\">\u00a0<\/span><\/p>\n<p><span data-contrast=\"none\">\u00a0<\/span><\/p>\n<p><span data-contrast=\"auto\"><strong>T\u00e4llainen on ty\u00f6matkani:<\/strong><\/span><span data-ccp-props=\"{&quot;201341983&quot;:0,&quot;335559739&quot;:160,&quot;335559740&quot;:240}\">\u00a0<\/span><\/p>\n<p><span data-contrast=\"none\">P\u00f6r\u00e4yt\u00e4n ty\u00f6tilaan joko py\u00f6r\u00e4ll\u00e4 tai bussilla, riippuen s\u00e4\u00e4st\u00e4, koska matka on 10km\/suunta. Yleens\u00e4 aloitan ty\u00f6t j\u00e4rjestelem\u00e4ll\u00e4 paikkoja ja j\u00e4sent\u00e4m\u00e4ll\u00e4 p\u00e4iv\u00e4n ty\u00f6t. Valitsen mielentilaan sopivaa musiikkia tai sitten nautin yksinkertaisesti hiljaisuudesta. Pikkuhiljaa kaikki l\u00e4htee r\u00f6nsyilem\u00e4\u00e4n eteenp\u00e4in riippuen siit\u00e4 mit\u00e4 on ty\u00f6n alla.<\/span><span data-ccp-props=\"{&quot;201341983&quot;:0,&quot;335551550&quot;:6,&quot;335551620&quot;:6,&quot;335559739&quot;:160,&quot;335559740&quot;:240}\">\u00a0<\/span><\/p>\n<p><span data-contrast=\"auto\">\u00a0<\/span><\/p>\n<p><span data-contrast=\"auto\"><strong>Mik\u00e4 on sinulle paras aika ty\u00f6skennell\u00e4?<\/strong><\/span><span data-ccp-props=\"{&quot;201341983&quot;:0,&quot;335559739&quot;:160,&quot;335559740&quot;:240}\">\u00a0<\/span><\/p>\n<p><span data-contrast=\"none\">Aamut. Ehdottomasti aamut.<\/span><span data-ccp-props=\"{&quot;201341983&quot;:0,&quot;335551550&quot;:6,&quot;335551620&quot;:6,&quot;335559739&quot;:160,&quot;335559740&quot;:360}\">\u00a0<\/span><\/p>\n<p><span data-contrast=\"auto\">\u00a0<\/span><\/p>\n<p><span data-contrast=\"auto\"><strong>Milloin nautit ty\u00f6st\u00e4si?<\/strong><\/span><span data-ccp-props=\"{&quot;201341983&quot;:0,&quot;335559739&quot;:160,&quot;335559740&quot;:240}\">\u00a0<\/span><\/p>\n<p><span data-contrast=\"none\">Kun on aikaa leikki\u00e4 ja tehd\u00e4 virheit\u00e4. Kun l\u00f6yd\u00e4n uusia tapoja ty\u00f6skennell\u00e4. Kun tapaan inspiroivia ihmisi\u00e4, joiden viritt\u00e4m\u00e4t keskustelut haastavat sek\u00e4 kyseenalaistavat oman luovuuden rajoja.\u00a0<\/span><span data-ccp-props=\"{&quot;201341983&quot;:0,&quot;335551550&quot;:6,&quot;335551620&quot;:6,&quot;335559739&quot;:160,&quot;335559740&quot;:240}\">\u00a0<\/span><\/p>\n<p><span data-contrast=\"auto\">\u00a0<\/span><\/p>\n<p><span data-contrast=\"auto\"><strong>Milloin et nauti ty\u00f6st\u00e4si?<\/strong><\/span><span data-ccp-props=\"{&quot;201341983&quot;:0,&quot;335559739&quot;:160,&quot;335559740&quot;:240}\">\u00a0<\/span><\/p>\n<p><span data-contrast=\"none\">Kiire ja ep\u00e4siisti ty\u00f6skentely ymp\u00e4rist\u00f6 ahdistavat..<\/span><span data-ccp-props=\"{&quot;201341983&quot;:0,&quot;335551550&quot;:6,&quot;335551620&quot;:6,&quot;335559739&quot;:160,&quot;335559740&quot;:360}\">\u00a0<\/span><\/p>\n<p><span data-contrast=\"auto\">\u00a0<\/span><\/p>\n<p><span data-contrast=\"auto\"><strong>Ty\u00f6huoneeni kolme t\u00e4rkeint\u00e4 esinett\u00e4 + perustelut:<\/strong><\/span><span data-ccp-props=\"{&quot;201341983&quot;:0,&quot;335559739&quot;:160,&quot;335559740&quot;:240}\">\u00a0<\/span><\/p>\n<p><span data-contrast=\"none\">Sohva, koska syleilyss\u00e4 on kiva sy\u00f6d\u00e4, piirt\u00e4\u00e4, suunnitella, kuunnella musiikkia ja joskus juoda viini\u00e4.<\/span>\u00a0<span data-contrast=\"none\">J\u00e4\u00e4kaappi, koska ilman ruokaa ty\u00f6skentelyst\u00e4 ei tule mit\u00e4\u00e4n!<\/span><span data-ccp-props=\"{&quot;201341983&quot;:0,&quot;335559739&quot;:160,&quot;335559740&quot;:360}\">\u00a0<\/span><\/p>\n<p><span data-contrast=\"none\">Ty\u00f6p\u00f6yt\u00e4ni, koska ilman sit\u00e4 ei ole minua.<\/span><span data-ccp-props=\"{&quot;201341983&quot;:0,&quot;335559739&quot;:160,&quot;335559740&quot;:360}\">\u00a0<\/span><\/p>\n<p><span data-contrast=\"auto\">\u00a0<\/span><\/p>\n","protected":false},"excerpt":{"rendered":"<p><strong>Kuva:<\/strong> Anu Kirkinen, Anu Kirkisen kotialbumi 2017<\/p>\n<p>&nbsp;<\/p>\n","protected":false},"featured_media":3733,"comment_status":"closed","ping_status":"closed","template":"","meta":[],"product_cat":[173,20],"product_tag":[274,70,275,298],"_links":{"self":[{"href":"https:\/\/www.kellomuseo.fi\/holvi\/wp-json\/wp\/v2\/product\/3674"}],"collection":[{"href":"https:\/\/www.kellomuseo.fi\/holvi\/wp-json\/wp\/v2\/product"}],"about":[{"href":"https:\/\/www.kellomuseo.fi\/holvi\/wp-json\/wp\/v2\/types\/product"}],"replies":[{"embeddable":true,"href":"https:\/\/www.kellomuseo.fi\/holvi\/wp-json\/wp\/v2\/comments?post=3674"}],"wp:featuredmedia":[{"embeddable":true,"href":"https:\/\/www.kellomuseo.fi\/holvi\/wp-json\/wp\/v2\/media\/3733"}],"wp:attachment":[{"href":"https:\/\/www.kellomuseo.fi\/holvi\/wp-json\/wp\/v2\/media?parent=3674"}],"wp:term":[{"taxonomy":"product_cat","embeddable":true,"href":"https:\/\/www.kellomuseo.fi\/holvi\/wp-json\/wp\/v2\/product_cat?post=3674"},{"taxonomy":"product_tag","embeddable":true,"href":"https:\/\/www.kellomuseo.fi\/holvi\/wp-json\/wp\/v2\/product_tag?post=3674"}],"curies":[{"name":"wp","href":"https:\/\/api.w.org\/{rel}","templated":true}]}}