{"id":1818,"date":"2021-12-20T14:40:27","date_gmt":"2021-12-20T12:40:27","guid":{"rendered":"https:\/\/www.kellomuseo.fi\/holvi\/?post_type=product&#038;p=1818"},"modified":"2022-02-15T15:01:06","modified_gmt":"2022-02-15T13:01:06","slug":"kihlakellon-tarina","status":"publish","type":"product","link":"https:\/\/www.kellomuseo.fi\/holvi\/tuote\/kihlakellon-tarina\/","title":{"rendered":"Kihlakellon tarina"},"content":{"rendered":"<p>&nbsp;<\/p>\n<p class=\"p1\">Wilhelmina (Miili) Gr\u00f6nroos ja Taavetti Parikka tunsivat toisensa jo kouluajoilta. He k\u00e4viv\u00e4t kansakoulun silloiset kaksi luokkaa alkaen ja lopettaen samanaikaisesti. Miili jatkoi ensimm\u00e4isen luokan j\u00e4lkeen heti toiselle luokalle, mutta Taavetin is\u00e4 otti poikansa yhdeksi vuodeksi kotiin \u201cviisastumaan\u201d. Kun Taavetti sitten jatkoi vuoden j\u00e4lkeen koulua, Miili olikin viel\u00e4 koulussa. Miilin is\u00e4 oli sanonut tytt\u00e4relleen: \u201cK\u00e4yt toisen luokan kahteen kertaan, ett\u00e4 oppi j\u00e4\u00e4 paremmin mieleen.\u201d N\u00e4in he lopettivatkin koulun yht\u00e4 aikaa. Rippikoulusta ei ole tietoa, k\u00e4viv\u00e4tk\u00f6 he senkin samaan aikaan, mutta Kannelj\u00e4rven kansanopiston he k\u00e4viv\u00e4t yht\u00e4 aikaa. Saattoi olla, ett\u00e4 hiljainen Taavetti jo t\u00e4ll\u00f6in huomasi eloisan tyt\u00f6n. Perim\u00e4tiedon mukaan Miilill\u00e4 taisi silloin olla toinen poika mieless\u00e4.<\/p>\n<p class=\"p1\">Mummo kertoi heid\u00e4n my\u00f6hemmin olleen kukkaisparina er\u00e4iss\u00e4 h\u00e4iss\u00e4 ja ajaneen yhdess\u00e4 hevosella kirkolle Parikan talon ohi. Vaija oli siin\u00e4 ohi ajaessa n\u00e4ytt\u00e4nyt kotiaan ja huomauttanut kuin ohimennen \u201cTuoskii talos olis riuskal ihmisel t\u00f6it\u00e4.\u201d Se n\u00e4ht\u00e4v\u00e4sti riitti kosinnaksi.<\/p>\n<p class=\"p1\">He l\u00e4htiv\u00e4t kihlanostoon Viipuriin. Yhteist\u00e4 kihlakuvaa heist\u00e4 ei ole, eik\u00e4 my\u00f6sk\u00e4\u00e4n h\u00e4\u00e4kuvaa (tai ei ole s\u00e4ilynyt). Tavan mukaan Taavetti osti kihlatulleen sormuksen lis\u00e4ksi kultakellon vitjoineen. Kelloon kuului teline, jossa sit\u00e4 pidettiin arkisin. Se oli tarkoitettu vain juhlak\u00e4ytt\u00f6\u00f6n.<\/p>\n<p class=\"p1\">Talvisotaa pakoon Miili ja Taavetti l\u00e4htiv\u00e4t tytt\u00e4rineen vasta helmikuun lopussa v. 1940. T\u00e4ll\u00f6in heille tuli niin kiire, ett\u00e4 Miili meinasi unohtaa kellonsa. Viime hetkell\u00e4 h\u00e4n sieppasi sen taskuunsa, vitjat j\u00e4iv\u00e4t siin\u00e4 tohinassa kiinni telineeseen kamarin kaapin p\u00e4\u00e4lle.<\/p>\n<p class=\"p1\">Jatkosodan j\u00e4lkeen Tellervo oli l\u00e4hd\u00f6ss\u00e4 Kuopioon Diakonissalaitokselle opiskelemaan. H\u00e4nell\u00e4 ei ollut kelloa ja niin h\u00e4nen \u00e4itins\u00e4 antoi kihlakellonsa h\u00e4nen k\u00e4ytt\u00f6\u00f6ns\u00e4. Kello vietiin Nummelassa kellosep\u00e4lle, joka pyynn\u00f6st\u00e4 poisti siit\u00e4 vitjoja varten olleen lenkin ja laittoi kaksi messinkilenkki\u00e4 kellon molemmin puolin hihnaa varten. Kellosepp\u00e4 oli silloin v\u00e4itt\u00e4nyt, ettei kello olisikaan kultaa. Mink\u00e4 t\u00e4hden? Hyv\u00e4 puoli asiassa on, ett\u00e4 kello todenn\u00e4k\u00f6isesti s\u00e4\u00e4styi n\u00e4in sodan loppuvaiheen kultaker\u00e4ykselt\u00e4.<\/p>\n<p class=\"p1\">Mahtoi Taavettia harmittaa. H\u00e4nt\u00e4 oli petetty. Morsiamelleen, viel\u00e4p\u00e4 hovin tytt\u00e4relle, h\u00e4nen hyyv\u00e4ss\u00e4 uskossa ostamansa kello ei ollutkaan kultaa. Kumpikaan heist\u00e4 ei saanut el\u00e4ess\u00e4\u00e4n tiet\u00e4\u00e4, ett\u00e4 kello oli kuin olikin kultaa.<\/p>\n<p class=\"p1\">Asuessani Tellervon luona, ihailin kelloa. Ei se koskaan hyvin ajassa pysynyt mutta kaunis se oli. Ehdotin, ett\u00e4 laitattaisin siihen lenkin ketjua varten ja otattaisin messinki-lenkit pois ja sitten pit\u00e4isimme kelloa yhteisesti.<\/p>\n<p class=\"p1\">Telle suostui ja vein kellon Aleksanterinkadulla olevaan hienoon kelloliikkeeseen t\u00e4t\u00e4 toimenpidett\u00e4 varten. Sanoin, ett\u00e4 tuskin siihen kannattaa kultalenkki\u00e4 laittaa, kun kellokaan ei ole kultaa. Kultasepp\u00e4 katsoi v\u00e4h\u00e4n ihmeiss\u00e4\u00e4n minua ja sanoi, ett\u00e4 kyll\u00e4 se kultaa on, siin\u00e4 on kullan merkkikin.<\/p>\n<p class=\"p1\">Sovimme silloin, ett\u00e4 uusi lenkki laitetaan kullasta. Minulla ei silloin ollut varaa ostaa kultavitjoja, joten ostin hopeiset, jotka kullattiin. Kultaus kului aika pian pois, eiv\u00e4tk\u00e4 ketjut muutenkaan olleet hyvin kelloon sopivat. Kello on ollut viimeiset vuodet Tellervolla k\u00e4ytt\u00e4m\u00e4tt\u00f6m\u00e4n\u00e4. H\u00e4n ei ole siihen ketjuja hankkinut.<\/p>\n<p class=\"p1\">Tiina, nyt on sinun vuorosi jatkaa kellon tarinaa. Isot\u00e4tisi Tellervo haluaa antaa \u00e4itins\u00e4, sinun isomummosi, kellon sinulle kiitokseksi, ett\u00e4 monien kiireittesi lis\u00e4ksi olet ottanut h\u00e4nenkin asiansa hoitaaksesi ja olet jo hoitanut niit\u00e4. Kellon my\u00f6t\u00e4 Tellervo-t\u00e4ti toivottaa sinulle:<span class=\"Apple-converted-space\">\u00a0<\/span><\/p>\n<p class=\"p1\">Paljon onnea merkkip\u00e4iv\u00e4si johdosta ja siunausta tuleville vuosille.<\/p>\n<p class=\"p1\">Tellervon puolesta Saara-kummisi.<\/p>\n<p>&nbsp;<\/p>\n<p class=\"p1\"><strong>L\u00e4hde:<\/strong> Kihlakellon tarinan on luovuttanut Tiina Parikka<\/p>\n<p class=\"p1\"><strong>Kuvat:<\/strong> perhealbumi<\/p>\n<p>&nbsp;<\/p>\n","protected":false},"excerpt":{"rendered":"<p>&nbsp; Wilhelmina (Miili) Gr\u00f6nroos ja Taavetti Parikka tunsivat toisensa jo kouluajoilta. He k\u00e4viv\u00e4t kansakoulun silloiset kaksi luokkaa alkaen ja lopettaen samanaikaisesti. Miili jatkoi ensimm\u00e4isen luokan j\u00e4lkeen heti toiselle luokalle, mutta Taavetin is\u00e4 otti poikansa yhdeksi vuodeksi kotiin \u201cviisastumaan\u201d. Kun Taavetti sitten jatkoi vuoden j\u00e4lkeen koulua, Miili olikin viel\u00e4 koulussa. Miilin is\u00e4 oli sanonut tytt\u00e4relleen: \u201cK\u00e4yt [&hellip;]<\/p>\n","protected":false},"featured_media":1823,"comment_status":"closed","ping_status":"closed","template":"","meta":[],"product_cat":[38],"product_tag":[63,62],"_links":{"self":[{"href":"https:\/\/www.kellomuseo.fi\/holvi\/wp-json\/wp\/v2\/product\/1818"}],"collection":[{"href":"https:\/\/www.kellomuseo.fi\/holvi\/wp-json\/wp\/v2\/product"}],"about":[{"href":"https:\/\/www.kellomuseo.fi\/holvi\/wp-json\/wp\/v2\/types\/product"}],"replies":[{"embeddable":true,"href":"https:\/\/www.kellomuseo.fi\/holvi\/wp-json\/wp\/v2\/comments?post=1818"}],"wp:featuredmedia":[{"embeddable":true,"href":"https:\/\/www.kellomuseo.fi\/holvi\/wp-json\/wp\/v2\/media\/1823"}],"wp:attachment":[{"href":"https:\/\/www.kellomuseo.fi\/holvi\/wp-json\/wp\/v2\/media?parent=1818"}],"wp:term":[{"taxonomy":"product_cat","embeddable":true,"href":"https:\/\/www.kellomuseo.fi\/holvi\/wp-json\/wp\/v2\/product_cat?post=1818"},{"taxonomy":"product_tag","embeddable":true,"href":"https:\/\/www.kellomuseo.fi\/holvi\/wp-json\/wp\/v2\/product_tag?post=1818"}],"curies":[{"name":"wp","href":"https:\/\/api.w.org\/{rel}","templated":true}]}}