{"id":1671,"date":"2021-12-09T15:30:43","date_gmt":"2021-12-09T13:30:43","guid":{"rendered":"https:\/\/www.kellomuseo.fi\/holvi\/?post_type=product&#038;p=1671"},"modified":"2022-03-07T11:47:37","modified_gmt":"2022-03-07T09:47:37","slug":"rannekellojen-ominaisuudet","status":"publish","type":"product","link":"https:\/\/www.kellomuseo.fi\/holvi\/tuote\/rannekellojen-ominaisuudet\/","title":{"rendered":"Rannekellojen ominaisuudet"},"content":{"rendered":"<p>&nbsp;<\/p>\n<p><strong>Sis\u00e4lt\u00f6:<\/strong><\/p>\n<ol>\n<li><strong>Rannekellojen koneistot<\/strong><\/li>\n<li><strong>Kellon kuoret<\/strong><\/li>\n<li><strong>Kellorannekkeet<\/strong><\/li>\n<li><strong>Kellon lasit<\/strong><\/li>\n<li><strong>Vesitiiviys<\/strong><\/li>\n<li><strong>Kellotaulut ja osoittimet<\/strong><\/li>\n<\/ol>\n<p><strong>\u00a0<\/strong><\/p>\n<p><strong>Rannekellojen koneistot<\/strong><\/p>\n<p>Rannekellot voidaan jakaa kolmeen ryhm\u00e4\u00e4n sen mukaan, mist\u00e4 voima koneistolle tulee. Vanhoissa tasku- ja rannekelloissa voima tulee jouselta, joka viritet\u00e4\u00e4n\u00a0 eli \u201cvedet\u00e4\u00e4n\u201d nupista kiert\u00e4m\u00e4ll\u00e4 tai automaattikelloissa ranteen liikkeist\u00e4. <u>Mekaanista kelloa<\/u> pidet\u00e4\u00e4n yleisesti arvostetumpana ajanmittauksen muotona kuin uudempia s\u00e4hk\u00f6ll\u00e4 toimivia kelloja. Kelloker\u00e4ilij\u00e4t ovat yleens\u00e4 keskittyneet mekaanisiin kelloihin.<\/p>\n<p>1970-luvulla alkoi yleisty\u00e4 <u>paristok\u00e4ytt\u00f6iset rannekellot<\/u>, joissa paristo kest\u00e4\u00e4 paristosta, koneistosta ja k\u00e4yt\u00f6st\u00e4 riippuen puolesta vuodesta kymmeneen vuoteen. Yleens\u00e4 patterikellosta tai paristokellosta puhuttaessa tarkoitetaan kvartsikelloa. Paristokellot ovat usein edullisia k\u00e4ytt\u00f6kelloja.<\/p>\n<p>Uusin ryhm\u00e4 ovat <u>akkuk\u00e4ytt\u00f6iset kellot<\/u>, joissa valo, l\u00e4mp\u00f6 tai k\u00e4ytt\u00e4j\u00e4n liike lataa akkua. Nykyiset akut ovat hyvin pitk\u00e4ik\u00e4isi\u00e4 ja siten huolettomia k\u00e4ytt\u00e4j\u00e4lleen.<\/p>\n<p>&nbsp;<\/p>\n<p><u>Mekaaniset kellot<\/u><\/p>\n<ul>\n<li>Vedett\u00e4v\u00e4t kellot<\/li>\n<\/ul>\n<p>&nbsp;<\/p>\n<p>Rannekelloja on valmistettu yli sata vuotta, mutta ne yleistyiv\u00e4t erityisesti toisen maailmansodan j\u00e4lkeen. Yh\u00e4 k\u00e4yt\u00f6ss\u00e4 olevalla periaatteella toimivia mekaanisia taskukelloja on valmistettu jo satoja vuosia. Mekaanisessa kellossa ei ole elektroniikkaa. Kello saa k\u00e4ytt\u00f6voimansa viritetyst\u00e4 jousesta, josta jouseen varastoitunut voima ohjataan rataskoneiston ja k\u00e4yntilaitteen kautta osoittimille.<\/p>\n<p>&nbsp;<\/p>\n<ul>\n<li>Automaattikellot<\/li>\n<\/ul>\n<p>&nbsp;<\/p>\n<p>Automaattikello on my\u00f6s mekaaninen kello. Automaattimekanismi on vanha keksint\u00f6, mutta nyt ne ovat muutaman vuosikymmenen hiljaiselon j\u00e4lkeen uudessa, entist\u00e4 vahvemmassa asemassa kellomarkkinoilla. Koneisto saa k\u00e4ytt\u00f6voiman k\u00e4ytt\u00e4j\u00e4n liikkeist\u00e4, joka v\u00e4litet\u00e4\u00e4n heiluvan painon ja rattaiden avulla jouselle. Muuten rakenne vastaa vedett\u00e4v\u00e4\u00e4 mekaanista kelloa. Perusautomaattikello k\u00e4y t\u00e4ydell\u00e4 vedolla yleens\u00e4 kaksi vuorokautta.<\/p>\n<p><u>Paristokellot<\/u><\/p>\n<ul>\n<li>Osoitinn\u00e4ytt\u00f6iset kvartsikellot<\/li>\n<\/ul>\n<p>&nbsp;<\/p>\n<p>Osoitinn\u00e4ytt\u00f6isi\u00e4 kvartsikelloja on myyty jo useiden vuosikymmenien ajan. Ne ovat aina olleet edullisia valmistaa mekaanisiin kelloihin verrattuna. Pariston sis\u00e4lt\u00e4m\u00e4 s\u00e4hk\u00f6energia johdetaan piirilevyn kautta kvartsi-kiteelle, joka saadaan v\u00e4r\u00e4htelem\u00e4\u00e4n tietyll\u00e4 taajuudella. Osoitinn\u00e4ytt\u00f6isen paristokellon erottaa mekaanisesta kellosta yleens\u00e4 sekuntiosoittimen liikkeest\u00e4. Paristokellon sekuntiosoitin liikahtaa kerran sekunnissa eli askelittain kun taas mekaanisen kellon sekuntiosoittimen askellustahti on normaalisti 0,2 sekuntia kerrallaan. N\u00e4in liike n\u00e4ytt\u00e4\u00e4 olevan liukuvaa. Erinomaisen tarkkuuden ansiosta my\u00f6s arvokkaampien kellojen valmistajat ovat tehneet kvartsimalleja.<\/p>\n<p>&nbsp;<\/p>\n<ul>\n<li>Digitaalikellot<\/li>\n<\/ul>\n<p>&nbsp;<\/p>\n<p>Digitaalisissa kelloissa k\u00e4ytet\u00e4\u00e4n usein yksinkertaista tekniikkaa, mink\u00e4 ansiosta ne ovat edullisia, kevyit\u00e4 ja kest\u00e4vi\u00e4. Lis\u00e4ksi niihin on helppo lis\u00e4t\u00e4 toimintoja, jotka osoitinn\u00e4ytt\u00f6isess\u00e4 kellossa maksaisivat paljon (ajanotto, her\u00e4tys, ajastin, maailmanaika). Paristo saattaa kest\u00e4\u00e4 jopa 10 vuotta pienen virrankulutuksen ansiosta.<\/p>\n<p>&nbsp;<\/p>\n<ul>\n<li>Ana-digikellot<\/li>\n<\/ul>\n<p>&nbsp;<\/p>\n<p>Ana-digikellolla tarkoitetaan rannekelloa, jossa on sek\u00e4 analogiset osoittimet ett\u00e4 digitaalinen monitoimin\u00e4ytt\u00f6. Digitaalipuolella on yleens\u00e4 her\u00e4tys, kaksoisaika, p\u00e4iv\u00e4m\u00e4\u00e4r\u00e4, ajanotto sek\u00e4 taustavalo.<\/p>\n<p>&nbsp;<\/p>\n<p><u>Akkuk\u00e4ytt\u00f6iset kellot<\/u><\/p>\n<p>Akkuk\u00e4ytt\u00f6isten kellojen latausvirta on l\u00e4ht\u00f6isin joko aurinkokennoista, k\u00e4ytt\u00e4j\u00e4n liikkeist\u00e4 tai k\u00e4ytt\u00e4j\u00e4n ihon ja ilman v\u00e4lisest\u00e4 termoparista.<\/p>\n<p>&nbsp;<\/p>\n<p><strong>Kellon kuoret<\/strong><\/p>\n<p>Kellojen kuoria valmistetaan eri materiaaleista erilaisten k\u00e4ytt\u00f6tarkoitusten mukaan. Yleisimpi\u00e4 ovat:<\/p>\n<ul>\n<li>muovi \u2013 l\u00e4hinn\u00e4 lasten- ja trendikelloja<\/li>\n<li>messinki ja muut edulliset metalliseokset \u2013 edullisen hintaluokan kelloja, jotka yleens\u00e4 pinnoitetaan<\/li>\n<li>ruostumaton ter\u00e4s \u2013 rakenteeltaan lujia ja eritt\u00e4in kest\u00e4vi\u00e4<\/li>\n<li>titaani \u2013 eritt\u00e4in kest\u00e4vi\u00e4, kevyit\u00e4 ja yleens\u00e4 allergisoimattomia kelloja<\/li>\n<li>hopea \u2013 l\u00e4hinn\u00e4 taskukelloja<\/li>\n<li>kulta \u2013 yleens\u00e4 arvokellot, voi olla joko kelta- tai punakultaa<\/li>\n<li>platina \u2013 vain arvokelloja<\/li>\n<\/ul>\n<p><strong>\u00a0<\/strong><\/p>\n<p><strong>Kellorannekkeet<\/strong><\/p>\n<p>Rannekkeiden valmistukseen k\u00e4ytet\u00e4\u00e4n samojen kellon kuorimateriaalien lis\u00e4ksi my\u00f6s muita materiaaleja. Rannekemateriaaleja ovat:<\/p>\n<ul>\n<li>muovi<\/li>\n<li>messinki ja muut edulliset metalliseokset<\/li>\n<li>ruostumaton ter\u00e4s<\/li>\n<li>titaani<\/li>\n<li>hopea<\/li>\n<li>kulta<\/li>\n<li>platina<\/li>\n<li>nahka<\/li>\n<li>keinokuitukankaat<\/li>\n<li>luonnonkumi, kautsu, sek\u00e4 muut kumien ja muovien yhdisteet.<\/li>\n<\/ul>\n<p>Nahkaranneke on miellytt\u00e4v\u00e4 pit\u00e4\u00e4, mutta nahka huokoisena materiaalina likaantuu helposti eik\u00e4 kest\u00e4 kosteutta. Nahkarannekkeen suositeltava vaihtov\u00e4li onkin jokap\u00e4iv\u00e4isess\u00e4 k\u00e4yt\u00f6ss\u00e4 maksimissaan yksi vuosi.<\/p>\n<p><strong>Kellon lasit<\/strong><\/p>\n<p>Kelloissa k\u00e4ytet\u00e4\u00e4n kolmenlaisia laseja.<\/p>\n<ul>\n<li><u>Lasikkeeksi<\/u> kutsutaan akryylista valmistettuja halpoja laseja. Pehme\u00e4n\u00e4 materiaalina se kuitenkin naarmuuntuu helposti, mutta on kuitenkin helposti kiillotettavissa muutamaan kertaan. Joustavana materiaalina akryyli kuitenkin kest\u00e4\u00e4 varsin hyvin iskuja.<\/li>\n<\/ul>\n<p>&nbsp;<\/p>\n<ul>\n<li><u>Mineraalilas<\/u>i taas on jo suhteellisen kovaa ja kest\u00e4v\u00e4\u00e4, mutta ei anna yht\u00e4\u00e4n periksi sopivan iskun tullessa vaan s\u00e4rkyy. Mineraalilasi kest\u00e4\u00e4 normaalik\u00e4yt\u00f6ss\u00e4 hyvin ja siihen tulee naarmuja, muttei kovin helposti.<\/li>\n<\/ul>\n<p>&nbsp;<\/p>\n<ul>\n<li><u>Safiirilasi<\/u> on vaihtoehdoista kaikkein kallein, mutta kaikkein kest\u00e4vin. Sill\u00e4 on mineraalilasia parempi iskunkest\u00e4vyys ja k\u00e4yt\u00e4nn\u00f6ss\u00e4 safiirilasiin voi tehd\u00e4 naarmuja vain timantilla. Safiirilasit valmistetaan synteettisest\u00e4 safiirista.<\/li>\n<\/ul>\n<p>&nbsp;<\/p>\n<p><strong>Vesitiiviys<\/strong><\/p>\n<p>Kellojen vesisuojaus<\/p>\n<p>Merkinn\u00e4t: \u2022 ATM, BAR, M, (FT) -&gt; 10 ATM = 10 BAR = 100 M (330 FT)<\/p>\n<ul>\n<li>Ei merkint\u00e4\u00e4 = P\u00f6lytiivis (ei kest\u00e4 roiskeita)<\/li>\n<li>3 ATM, 3 BAR, 30 M = Roisketiivis (kest\u00e4\u00e4 roiskeita eli k\u00e4sien pesun, sateen)<\/li>\n<li>5 ATM, 5 BAR, 50 M = Roisketiivis (kest\u00e4\u00e4 suihkun)<\/li>\n<li>10 ATM, 10 BAR, 100 M = Vesitiivis (kest\u00e4\u00e4 uimisen ja snorklaamisen)<\/li>\n<li>20 ATM, 20 BAR, 200 M = Vesitiivis (soveltuu laitesukellukseen)<\/li>\n<li>30 ATM, 30 BAR, 300 M = Vesitiivis (soveltuu syv\u00e4sukellukseen)<\/li>\n<\/ul>\n<p><strong>L\u00e4hde:<\/strong> Kellosepp\u00e4koulun Erikoismyyj\u00e4kurssin oppimateriaali<\/p>\n<p>&nbsp;<\/p>\n<p>Lue lis\u00e4\u00e4 sukeltajien kelloista t\u00e4st\u00e4<\/p>\n<p>&nbsp;<\/p>\n<p><strong>Kellotaulut ja osoittimet<\/strong><\/p>\n<p>Varhaisimpien kellojen kellotaulut olivat yleens\u00e4 metallia, johon numerot oli pakotettu tai kaiverrettu. Emalin keksimisen my\u00f6t\u00e4 kellotaulujen tekstien ja numeroiden maalaus kehittyiv\u00e4t huippuunsa. Herk\u00e4sti rikkoutuva ja suhteellisen paksu emalitaulu ei soveltunut rannekelloihin. Emalitaulun rinnalla k\u00e4ytetttiin my\u00f6s metallipintaisia tauluja, jotka olis p\u00e4\u00e4llystetty tulikultauksella. Nykyaikaiset kellotaulut on yleens\u00e4 valmistettu melko pehme\u00e4st\u00e4 kupariseoksesta. Rannekellojen kellotaulut on usein pinnoitettu eri materiaaleilla.<\/p>\n<p>Ensimm\u00e4isiss\u00e4 kannettavissa kelloissa oli vain tuntiosoitin. Sen ajan kellojen k\u00e4yntitarkkuus ei edellytt\u00e4nyt muita osoittimia. Minuutti- ja sekuntiosoittimet yleistyiv\u00e4t kronometrik\u00e4ynnin my\u00f6t\u00e4.\u00a0 Osoittimien materiaalina k\u00e4ytet\u00e4\u00e4n p\u00e4\u00e4asiassa messinki\u00e4 tai ter\u00e4st\u00e4. Pintak\u00e4sittelyn\u00e4 k\u00e4ytet\u00e4\u00e4n kultausta, galvanointia ja sinistyst\u00e4. Nyky\u00e4\u00e4n kellotaulujen ja osoittimien materiaalitarjonta on laajentunut tuntuvasti.<\/p>\n<p>Lue lis\u00e4\u00e4 rannekellojen eri toiminnoista kellosanastosta<\/p>\n<p>&nbsp;<\/p>\n","protected":false},"excerpt":{"rendered":"<p>&nbsp; Sis\u00e4lt\u00f6: Rannekellojen koneistot Kellon kuoret Kellorannekkeet Kellon lasit Vesitiiviys Kellotaulut ja osoittimet \u00a0 Rannekellojen koneistot Rannekellot voidaan jakaa kolmeen ryhm\u00e4\u00e4n sen mukaan, mist\u00e4 voima koneistolle tulee. Vanhoissa tasku- ja rannekelloissa voima tulee jouselta, joka viritet\u00e4\u00e4n\u00a0 eli \u201cvedet\u00e4\u00e4n\u201d nupista kiert\u00e4m\u00e4ll\u00e4 tai automaattikelloissa ranteen liikkeist\u00e4. Mekaanista kelloa pidet\u00e4\u00e4n yleisesti arvostetumpana ajanmittauksen muotona kuin uudempia s\u00e4hk\u00f6ll\u00e4 toimivia [&hellip;]<\/p>\n","protected":false},"featured_media":0,"comment_status":"closed","ping_status":"closed","template":"","meta":[],"product_cat":[31],"product_tag":[156,160,36,158,159,146,30,147,148,161,150,163,101,145,153,155,94,149,162,152,157,151],"_links":{"self":[{"href":"https:\/\/www.kellomuseo.fi\/holvi\/wp-json\/wp\/v2\/product\/1671"}],"collection":[{"href":"https:\/\/www.kellomuseo.fi\/holvi\/wp-json\/wp\/v2\/product"}],"about":[{"href":"https:\/\/www.kellomuseo.fi\/holvi\/wp-json\/wp\/v2\/types\/product"}],"replies":[{"embeddable":true,"href":"https:\/\/www.kellomuseo.fi\/holvi\/wp-json\/wp\/v2\/comments?post=1671"}],"wp:attachment":[{"href":"https:\/\/www.kellomuseo.fi\/holvi\/wp-json\/wp\/v2\/media?parent=1671"}],"wp:term":[{"taxonomy":"product_cat","embeddable":true,"href":"https:\/\/www.kellomuseo.fi\/holvi\/wp-json\/wp\/v2\/product_cat?post=1671"},{"taxonomy":"product_tag","embeddable":true,"href":"https:\/\/www.kellomuseo.fi\/holvi\/wp-json\/wp\/v2\/product_tag?post=1671"}],"curies":[{"name":"wp","href":"https:\/\/api.w.org\/{rel}","templated":true}]}}