{"id":1630,"date":"2021-12-08T15:51:24","date_gmt":"2021-12-08T13:51:24","guid":{"rendered":"https:\/\/www.kellomuseo.fi\/holvi\/?post_type=product&#038;p=1630"},"modified":"2022-02-09T14:04:43","modified_gmt":"2022-02-09T12:04:43","slug":"kouvolan-seudun-ammattiopisto","status":"publish","type":"product","link":"https:\/\/www.kellomuseo.fi\/holvi\/tuote\/kouvolan-seudun-ammattiopisto\/","title":{"rendered":"Kouvolan seudun ammattiopisto"},"content":{"rendered":"<p>&nbsp;<\/p>\n<p class=\"p1\"><strong>Taideteollisuusala, tuotteen valmistuksen koulutusohjelma, koru- ja pienesinevalmistus, artesaani<\/strong><\/p>\n<p>&nbsp;<\/p>\n<p class=\"p2\">Kouvolan seudun ammattiopisto,<\/p>\n<p class=\"p3\">Utinkatu 85,<\/p>\n<p class=\"p2\">45200 KOUVOLA<\/p>\n<p class=\"p2\">www.ksao.fi<\/p>\n<p>&nbsp;<\/p>\n<p class=\"p1\">Koru- ja pienesinevalmistus on toisen asteen ammatillista koulutusta (180osp.). Linja on yhteishaussa joka vuosi sek\u00e4 jatkuvassa haussa. Koru-pienesinevalmistuksen p\u00e4\u00e4ammattiopettajia on kaksi.<\/p>\n<p class=\"p1\">Perinteisten kultasepp\u00e4alan tuotesuunnittelun ja valmistuksen lis\u00e4ksi linjalla opiskellaan pienesineiden suunnittelua ja valmistamista. Jalometallien sek\u00e4 muiden perinteisten korunvalmistusmateriaalien lis\u00e4ksi opiskelijat tutustuvat kiven, puun, metallien ja muovien k\u00e4sittelyyn. Koru- ja pienesinevalmistuksen artesaani suunnittelee ja valmistaa uniikki- ja piensarjat\u00f6it\u00e4 ja opiskelee alan ammattiaineita kuten materiaalien muokkausta, rakenne- ja liitostekniikoita ja pintak\u00e4sittely\u00e4. Lis\u00e4ksi opiskelija oppii ammattialan erikoistekniikoita kuten taonta, pakotus, kivenistuttaminen, emalointi, ja hiekka- ja tyhji\u00f6valu-tekniikka. Perinteisten k\u00e4sity\u00f6tekniikoiden rinnalla opiskellaan my\u00f6s tietokoneavusteisia suunnitteluohjelmia ja valmistetaan tuotteita 3D mallinnusta ja laser kaiverrusta apuna k\u00e4ytt\u00e4en. Opinnot sis\u00e4lt\u00e4v\u00e4t taide- ja kulttuuriaineita sek\u00e4 ohjaajana ja yritt\u00e4j\u00e4n\u00e4 toimimista.<\/p>\n","protected":false},"excerpt":{"rendered":"<p>&nbsp;<\/p>\n<p>&nbsp;<\/p>\n","protected":false},"featured_media":0,"comment_status":"closed","ping_status":"closed","template":"","meta":[],"product_cat":[80],"product_tag":[86,36,88,87,83,81],"_links":{"self":[{"href":"https:\/\/www.kellomuseo.fi\/holvi\/wp-json\/wp\/v2\/product\/1630"}],"collection":[{"href":"https:\/\/www.kellomuseo.fi\/holvi\/wp-json\/wp\/v2\/product"}],"about":[{"href":"https:\/\/www.kellomuseo.fi\/holvi\/wp-json\/wp\/v2\/types\/product"}],"replies":[{"embeddable":true,"href":"https:\/\/www.kellomuseo.fi\/holvi\/wp-json\/wp\/v2\/comments?post=1630"}],"wp:attachment":[{"href":"https:\/\/www.kellomuseo.fi\/holvi\/wp-json\/wp\/v2\/media?parent=1630"}],"wp:term":[{"taxonomy":"product_cat","embeddable":true,"href":"https:\/\/www.kellomuseo.fi\/holvi\/wp-json\/wp\/v2\/product_cat?post=1630"},{"taxonomy":"product_tag","embeddable":true,"href":"https:\/\/www.kellomuseo.fi\/holvi\/wp-json\/wp\/v2\/product_tag?post=1630"}],"curies":[{"name":"wp","href":"https:\/\/api.w.org\/{rel}","templated":true}]}}