{"id":1589,"date":"2021-12-08T10:32:07","date_gmt":"2021-12-08T08:32:07","guid":{"rendered":"https:\/\/www.kellomuseo.fi\/holvi\/?post_type=product&#038;p=1589"},"modified":"2021-12-13T11:55:16","modified_gmt":"2021-12-13T09:55:16","slug":"kello-vaihtokaupalla","status":"publish","type":"product","link":"https:\/\/www.kellomuseo.fi\/holvi\/tuote\/kello-vaihtokaupalla\/","title":{"rendered":"Kello vaihtokaupalla"},"content":{"rendered":"<p class=\"p1\">Sain ensimm\u00e4isen kelloni oppikouluun menness\u00e4ni 1956. Kello oli sit\u00e4 ennen \u00e4idill\u00e4ni ja muistaakseni sen oli is\u00e4 saanut joltain sotakaveriltaan tupakka-annokseen vaihtamalla (is\u00e4ni ei polta). Per\u00e4isin se oli ehk\u00e4 noin vuodelta 1930 ja pikemminkin miesten kuin naisten malli. Se oli alumiinin n\u00e4k\u00f6ist\u00e4 metallia ja muistaakseni siin\u00e4 oli alun perin s\u00e4\u00e4delt\u00e4v\u00e4 notkea metallipunosranneke, jonka halusin vaihtaa nahkaiseksi. Kellotaulu oli suorakaiteen muotoinen ja lasisen kellotaulun sijasta viisarien suojana oli muovilevy, siis ilmeisesti bakeliittia. Sen pudottua ja h\u00e4vitty\u00e4 kellosepp\u00e4 teki mittatilausty\u00f6n\u00e4 uuden kuplamaisen lasikuvun.<\/p>\n<p class=\"p1\">K\u00e4ytin sit\u00e4 siihen asti, kun valmistuin filosofian kandidaatiksi 1971, jolloin sain is\u00e4lt\u00e4ni kultakellon, ja senkin j\u00e4lkeen arkik\u00e4yt\u00f6ss\u00e4, koska pidin siit\u00e4 todella paljon. Kelloa oli tietysti v\u00e4lill\u00e4 korjattava ja puhdistettava, mutta sitten tuli aika, ett\u00e4 t\u00e4llaisen kellon korjauksen taitajaa ei en\u00e4\u00e4 l\u00f6ytynyt. Viimeinen taisi olla Stockmannin vanha kellosepp\u00e4, joka katsoi kelloa kuin vanhaa yst\u00e4v\u00e4\u00e4 ja sanoi haikeasti, ett\u00e4 \u201dn\u00e4it\u00e4 ei en\u00e4\u00e4 juuri n\u00e4e\u201d. Merkki\u00e4 en nyt muista, mutta kello on mit\u00e4 todenn\u00e4k\u00f6isimmin yh\u00e4 tallella jossain \u201daarrelaatikossa\u201d.<span class=\"Apple-converted-space\">\u00a0<\/span><\/p>\n<p class=\"p1\">Voi olla, ett\u00e4 rakkauteni t\u00e4t\u00e4 vanhaa kelloa kohtaan n\u00e4kyy siin\u00e4, ett\u00e4 t\u00e4ll\u00e4kin hetkell\u00e4 molempien k\u00e4yt\u00f6ss\u00e4ni olevien kellojen kellotaulu on suorakulmainen ja kehys metallinv\u00e4rinen. Ja kun t\u00e4st\u00e4 kotia t\u00e4n\u00e4\u00e4n p\u00e4\u00e4sen, rupean katselemaan nurkkia sill\u00e4 silm\u00e4ll\u00e4, ett\u00e4 vanha kello jostain l\u00f6ytyisi.<span class=\"Apple-converted-space\">\u00a0 \u00a0<\/span><\/p>\n<p>&nbsp;<\/p>\n<p class=\"p1\">Marja-Liisa R\u00f6nkk\u00f6<\/p>\n","protected":false},"excerpt":{"rendered":"<p>Sain ensimm\u00e4isen kelloni oppikouluun menness\u00e4ni 1956. Kello oli sit\u00e4 ennen \u00e4idill\u00e4ni ja muistaakseni sen oli is\u00e4 saanut joltain sotakaveriltaan tupakka-annokseen vaihtamalla (is\u00e4ni ei polta). Per\u00e4isin se oli ehk\u00e4 noin vuodelta 1930 ja pikemminkin miesten kuin naisten malli. Se oli alumiinin n\u00e4k\u00f6ist\u00e4 metallia ja muistaakseni siin\u00e4 oli alun perin s\u00e4\u00e4delt\u00e4v\u00e4 notkea metallipunosranneke, jonka halusin vaihtaa nahkaiseksi. [&hellip;]<\/p>\n","protected":false},"featured_media":0,"comment_status":"closed","ping_status":"closed","template":"","meta":[],"product_cat":[38],"product_tag":[36,63,62],"_links":{"self":[{"href":"https:\/\/www.kellomuseo.fi\/holvi\/wp-json\/wp\/v2\/product\/1589"}],"collection":[{"href":"https:\/\/www.kellomuseo.fi\/holvi\/wp-json\/wp\/v2\/product"}],"about":[{"href":"https:\/\/www.kellomuseo.fi\/holvi\/wp-json\/wp\/v2\/types\/product"}],"replies":[{"embeddable":true,"href":"https:\/\/www.kellomuseo.fi\/holvi\/wp-json\/wp\/v2\/comments?post=1589"}],"wp:attachment":[{"href":"https:\/\/www.kellomuseo.fi\/holvi\/wp-json\/wp\/v2\/media?parent=1589"}],"wp:term":[{"taxonomy":"product_cat","embeddable":true,"href":"https:\/\/www.kellomuseo.fi\/holvi\/wp-json\/wp\/v2\/product_cat?post=1589"},{"taxonomy":"product_tag","embeddable":true,"href":"https:\/\/www.kellomuseo.fi\/holvi\/wp-json\/wp\/v2\/product_tag?post=1589"}],"curies":[{"name":"wp","href":"https:\/\/api.w.org\/{rel}","templated":true}]}}