{"id":1573,"date":"2021-12-08T10:20:42","date_gmt":"2021-12-08T08:20:42","guid":{"rendered":"https:\/\/www.kellomuseo.fi\/holvi\/?post_type=product&#038;p=1573"},"modified":"2021-12-13T11:53:17","modified_gmt":"2021-12-13T09:53:17","slug":"pakko-ostaa-kello","status":"publish","type":"product","link":"https:\/\/www.kellomuseo.fi\/holvi\/tuote\/pakko-ostaa-kello\/","title":{"rendered":"Pakko ostaa kello"},"content":{"rendered":"<p class=\"p1\">Ensimm\u00e4inen itse ostettu kelloni l\u00f6ytyi pakkoraossa. Olin Pariisissa vaihto-oppilaana ja koejakso yliopistolla oli juuri alkamassa. Aamulla ennen ensimm\u00e4ist\u00e4 koetta tajusin, ettei kokeessa saa tietenk\u00e4\u00e4n pit\u00e4\u00e4 k\u00e4nnykk\u00e4\u00e4 p\u00f6yd\u00e4ll\u00e4, eik\u00e4 l\u00e4hesk\u00e4\u00e4n kaikissa luokissa ollut sein\u00e4kelloja. L\u00e4hdin silt\u00e4 istumalta kello-ostoksille. Ep\u00e4toivo meinasi jo iske\u00e4, kun tunnuin l\u00f6yt\u00e4v\u00e4n vain luksus-liikkeit\u00e4, joissa rannekellojen hinnat l\u00e4htiv\u00e4t sadasta eurosta yl\u00f6sp\u00e4in. Juuri kun meinasin luovuttaa ja menn\u00e4 kokeeseen ilman kelloa, huomasin kauppakeskuksen per\u00e4ll\u00e4 pienen kelloliikkeen, jonka hinnat n\u00e4yttiv\u00e4t olevan edellisi\u00e4 kohtuullisempia. Palvelukin oli erinomaista ja myyj\u00e4 lupasi lyhent\u00e4\u00e4 kellonrannekkeen sopivaksi heti. Odottelin lyhennysoperaation p\u00e4\u00e4ttymist\u00e4 tosin jo hieman k\u00e4rsim\u00e4tt\u00f6m\u00e4n\u00e4, kun kokeen alkuun ei en\u00e4\u00e4 ollut kuin puolisen tuntia: onneksi se ei kest\u00e4nyt kovin kauan, eik\u00e4 koulukaan ollut kaukana.<\/p>\n<p class=\"p1\">Niinkin nopeasti valituksi kelloksi olin tehnyt loppujen lopuksi hyv\u00e4n ostoksen. Pidin kellosta kovasti ja se olikin seuraavan puolentoista vuoden ajan, aina rikki menemiseens\u00e4 saakka, koko ajan ranteessani.<\/p>\n<p>&nbsp;<\/p>\n<p class=\"p1\">Heidi Malinen<\/p>\n","protected":false},"excerpt":{"rendered":"<p>Ensimm\u00e4inen itse ostettu kelloni l\u00f6ytyi pakkoraossa. Olin Pariisissa vaihto-oppilaana ja koejakso yliopistolla oli juuri alkamassa. Aamulla ennen ensimm\u00e4ist\u00e4 koetta tajusin, ettei kokeessa saa tietenk\u00e4\u00e4n pit\u00e4\u00e4 k\u00e4nnykk\u00e4\u00e4 p\u00f6yd\u00e4ll\u00e4, eik\u00e4 l\u00e4hesk\u00e4\u00e4n kaikissa luokissa ollut sein\u00e4kelloja. L\u00e4hdin silt\u00e4 istumalta kello-ostoksille. Ep\u00e4toivo meinasi jo iske\u00e4, kun tunnuin l\u00f6yt\u00e4v\u00e4n vain luksus-liikkeit\u00e4, joissa rannekellojen hinnat l\u00e4htiv\u00e4t sadasta eurosta yl\u00f6sp\u00e4in. Juuri kun [&hellip;]<\/p>\n","protected":false},"featured_media":0,"comment_status":"closed","ping_status":"closed","template":"","meta":[],"product_cat":[38],"product_tag":[36,63,62],"_links":{"self":[{"href":"https:\/\/www.kellomuseo.fi\/holvi\/wp-json\/wp\/v2\/product\/1573"}],"collection":[{"href":"https:\/\/www.kellomuseo.fi\/holvi\/wp-json\/wp\/v2\/product"}],"about":[{"href":"https:\/\/www.kellomuseo.fi\/holvi\/wp-json\/wp\/v2\/types\/product"}],"replies":[{"embeddable":true,"href":"https:\/\/www.kellomuseo.fi\/holvi\/wp-json\/wp\/v2\/comments?post=1573"}],"wp:attachment":[{"href":"https:\/\/www.kellomuseo.fi\/holvi\/wp-json\/wp\/v2\/media?parent=1573"}],"wp:term":[{"taxonomy":"product_cat","embeddable":true,"href":"https:\/\/www.kellomuseo.fi\/holvi\/wp-json\/wp\/v2\/product_cat?post=1573"},{"taxonomy":"product_tag","embeddable":true,"href":"https:\/\/www.kellomuseo.fi\/holvi\/wp-json\/wp\/v2\/product_tag?post=1573"}],"curies":[{"name":"wp","href":"https:\/\/api.w.org\/{rel}","templated":true}]}}