{"id":1569,"date":"2021-12-08T10:17:47","date_gmt":"2021-12-08T08:17:47","guid":{"rendered":"https:\/\/www.kellomuseo.fi\/holvi\/?post_type=product&#038;p=1569"},"modified":"2021-12-13T11:52:56","modified_gmt":"2021-12-13T09:52:56","slug":"pelottava-seinakello","status":"publish","type":"product","link":"https:\/\/www.kellomuseo.fi\/holvi\/tuote\/pelottava-seinakello\/","title":{"rendered":"Pelottava sein\u00e4kello"},"content":{"rendered":"<p class=\"p1\">Tulee mieleen lapsuudesta, kun olin alle kouluik\u00e4inen, kotimme sein\u00e4ll\u00e4 oli vanha sein\u00e4kello, josta tasatunnein ja puolelta tuli kellon ly\u00f6nti\u00e4\u00e4ni.<\/p>\n<p class=\"p1\">\u00c4itini kun sanoi ett\u00e4 kello ly\u00f6 silloin, katsoin kelloa pelokkaana ja pelk\u00e4sin ett\u00e4 se todella ly\u00f6. En hoksannut lapsena, mit\u00e4 se tarkoittaa kun sanoi \u00e4iti ett\u00e4 kello ly\u00f6.<\/p>\n<p class=\"p1\">\u00c4itini sitten rauhoitti ja sanoi katsoppas nyt kun viisari l\u00e4hestyy kohta sit\u00e4 hetke\u00e4.<\/p>\n<p class=\"p1\">Sen j\u00e4lkeen en pel\u00e4nnyt kellon ly\u00f6nti\u00e4.<\/p>\n<p>&nbsp;<\/p>\n<p class=\"p3\">Anonyymi<\/p>\n","protected":false},"excerpt":{"rendered":"<p>Tulee mieleen lapsuudesta, kun olin alle kouluik\u00e4inen, kotimme sein\u00e4ll\u00e4 oli vanha sein\u00e4kello, josta tasatunnein ja puolelta tuli kellon ly\u00f6nti\u00e4\u00e4ni. \u00c4itini kun sanoi ett\u00e4 kello ly\u00f6 silloin, katsoin kelloa pelokkaana ja pelk\u00e4sin ett\u00e4 se todella ly\u00f6. En hoksannut lapsena, mit\u00e4 se tarkoittaa kun sanoi \u00e4iti ett\u00e4 kello ly\u00f6. \u00c4itini sitten rauhoitti ja sanoi katsoppas nyt kun [&hellip;]<\/p>\n","protected":false},"featured_media":0,"comment_status":"closed","ping_status":"closed","template":"","meta":[],"product_cat":[38],"product_tag":[36,63,62],"_links":{"self":[{"href":"https:\/\/www.kellomuseo.fi\/holvi\/wp-json\/wp\/v2\/product\/1569"}],"collection":[{"href":"https:\/\/www.kellomuseo.fi\/holvi\/wp-json\/wp\/v2\/product"}],"about":[{"href":"https:\/\/www.kellomuseo.fi\/holvi\/wp-json\/wp\/v2\/types\/product"}],"replies":[{"embeddable":true,"href":"https:\/\/www.kellomuseo.fi\/holvi\/wp-json\/wp\/v2\/comments?post=1569"}],"wp:attachment":[{"href":"https:\/\/www.kellomuseo.fi\/holvi\/wp-json\/wp\/v2\/media?parent=1569"}],"wp:term":[{"taxonomy":"product_cat","embeddable":true,"href":"https:\/\/www.kellomuseo.fi\/holvi\/wp-json\/wp\/v2\/product_cat?post=1569"},{"taxonomy":"product_tag","embeddable":true,"href":"https:\/\/www.kellomuseo.fi\/holvi\/wp-json\/wp\/v2\/product_tag?post=1569"}],"curies":[{"name":"wp","href":"https:\/\/api.w.org\/{rel}","templated":true}]}}