{"id":1555,"date":"2021-12-08T10:07:32","date_gmt":"2021-12-08T08:07:32","guid":{"rendered":"https:\/\/www.kellomuseo.fi\/holvi\/?post_type=product&#038;p=1555"},"modified":"2021-12-13T11:49:54","modified_gmt":"2021-12-13T09:49:54","slug":"vihrea-heratyskello","status":"publish","type":"product","link":"https:\/\/www.kellomuseo.fi\/holvi\/tuote\/vihrea-heratyskello\/","title":{"rendered":"Vihre\u00e4 her\u00e4tyskello"},"content":{"rendered":"<p class=\"p1\">Ensimm\u00e4inen oma kelloni taisi olla sellainen vihre\u00e4 vedett\u00e4v\u00e4 her\u00e4tyskello. Siit\u00e4 puuttui jalka, koska olin varmaan ruuvannut sen irti ja hukannut, ja niinp\u00e4 kello ei oikein pysynyt p\u00f6yd\u00e4ss\u00e4 pystyss\u00e4.<span class=\"Apple-converted-space\">\u00a0<\/span><\/p>\n<p class=\"p1\">Kerran otin sen matkaan mummolaan, ja kesken rauhallisen junamatkan laukustani alkoi kuulua kova p\u00e4rin\u00e4. Muita matkustajia nauratti kun kaivoin kellon laukusta. En muista mit\u00e4 kellolle sittemmin tapahtui. Todenn\u00e4k\u00f6isin selitys on, ett\u00e4 purin sen enk\u00e4 osannut kasata.<\/p>\n<p>&nbsp;<\/p>\n<p class=\"p3\">Arto Heikkinen<\/p>\n","protected":false},"excerpt":{"rendered":"<p>Ensimm\u00e4inen oma kelloni taisi olla sellainen vihre\u00e4 vedett\u00e4v\u00e4 her\u00e4tyskello. Siit\u00e4 puuttui jalka, koska olin varmaan ruuvannut sen irti ja hukannut, ja niinp\u00e4 kello ei oikein pysynyt p\u00f6yd\u00e4ss\u00e4 pystyss\u00e4.\u00a0 Kerran otin sen matkaan mummolaan, ja kesken rauhallisen junamatkan laukustani alkoi kuulua kova p\u00e4rin\u00e4. Muita matkustajia nauratti kun kaivoin kellon laukusta. En muista mit\u00e4 kellolle sittemmin tapahtui. [&hellip;]<\/p>\n","protected":false},"featured_media":0,"comment_status":"closed","ping_status":"closed","template":"","meta":[],"product_cat":[38],"product_tag":[36,63,62],"_links":{"self":[{"href":"https:\/\/www.kellomuseo.fi\/holvi\/wp-json\/wp\/v2\/product\/1555"}],"collection":[{"href":"https:\/\/www.kellomuseo.fi\/holvi\/wp-json\/wp\/v2\/product"}],"about":[{"href":"https:\/\/www.kellomuseo.fi\/holvi\/wp-json\/wp\/v2\/types\/product"}],"replies":[{"embeddable":true,"href":"https:\/\/www.kellomuseo.fi\/holvi\/wp-json\/wp\/v2\/comments?post=1555"}],"wp:attachment":[{"href":"https:\/\/www.kellomuseo.fi\/holvi\/wp-json\/wp\/v2\/media?parent=1555"}],"wp:term":[{"taxonomy":"product_cat","embeddable":true,"href":"https:\/\/www.kellomuseo.fi\/holvi\/wp-json\/wp\/v2\/product_cat?post=1555"},{"taxonomy":"product_tag","embeddable":true,"href":"https:\/\/www.kellomuseo.fi\/holvi\/wp-json\/wp\/v2\/product_tag?post=1555"}],"curies":[{"name":"wp","href":"https:\/\/api.w.org\/{rel}","templated":true}]}}