{"id":1554,"date":"2021-12-08T10:08:03","date_gmt":"2021-12-08T08:08:03","guid":{"rendered":"https:\/\/www.kellomuseo.fi\/holvi\/?post_type=product&#038;p=1554"},"modified":"2021-12-13T11:50:45","modified_gmt":"2021-12-13T09:50:45","slug":"ison-tyton-kello","status":"publish","type":"product","link":"https:\/\/www.kellomuseo.fi\/holvi\/tuote\/ison-tyton-kello\/","title":{"rendered":"Ison tyt\u00f6n kello"},"content":{"rendered":"<p class=\"p1\">Ensimm\u00e4inen kelloni merkitsi minulle enemm\u00e4n, kuin mik\u00e4\u00e4n saamani esine siihen menness\u00e4. Olin kuusivuotias ujo tytt\u00f6, jonka tuo punarannekkeinen pienitauluinen kello nosti uuteen, ison tyt\u00f6n maailmaan. Se oli kunnianosoitus vanhemmiltani ja arvonnousu isompien sisarusteni silmiss\u00e4. Pidin sit\u00e4 k\u00e4dess\u00e4ni nelj\u00e4 vuotta. Ranneke vaihdettiin ensin vihre\u00e4\u00e4n, sitten siniseen, mutta kellon merkitys ja henki ei muuttunut.<\/p>\n<p class=\"p1\">Sitten sain uuden, hienomman kellon ja t\u00e4m\u00e4 vanha unohtui. N\u00e4in sen viel\u00e4 kotoa muutettuani makuuhuoneen lipaston laatikossa ja joka kerran minun oli kokeiltava milt\u00e4 se tuntui rannetta vasten. Lopulta kotitalo romutettiin ja kello kuoli sen mukana.<\/p>\n<p class=\"p1\">Ensimm\u00e4isen kellon j\u00e4lkeen en ihastunut yhteenk\u00e4\u00e4n uuteen kelloon samalla tavalla. Pidin kelloa vain ajankatsomista varten ja vihasin niiden aiheuttamaa ihottumaa ranteessani. Saatuani ensimm\u00e4isen k\u00e4nnyk\u00e4n luovuin rannekelloista, mutta tytt\u00e4relleni ostin punarannekkeisen kellon, jotta h\u00e4nkin p\u00e4\u00e4sisi ison tyt\u00f6n maailmaan.<\/p>\n<p>&nbsp;<\/p>\n<p class=\"p3\">Anonyymi<\/p>\n","protected":false},"excerpt":{"rendered":"<p>Ensimm\u00e4inen kelloni merkitsi minulle enemm\u00e4n, kuin mik\u00e4\u00e4n saamani esine siihen menness\u00e4. Olin kuusivuotias ujo tytt\u00f6, jonka tuo punarannekkeinen pienitauluinen kello nosti uuteen, ison tyt\u00f6n maailmaan. Se oli kunnianosoitus vanhemmiltani ja arvonnousu isompien sisarusteni silmiss\u00e4. Pidin sit\u00e4 k\u00e4dess\u00e4ni nelj\u00e4 vuotta. Ranneke vaihdettiin ensin vihre\u00e4\u00e4n, sitten siniseen, mutta kellon merkitys ja henki ei muuttunut. Sitten sain uuden, [&hellip;]<\/p>\n","protected":false},"featured_media":0,"comment_status":"closed","ping_status":"closed","template":"","meta":[],"product_cat":[38],"product_tag":[36,63,62],"_links":{"self":[{"href":"https:\/\/www.kellomuseo.fi\/holvi\/wp-json\/wp\/v2\/product\/1554"}],"collection":[{"href":"https:\/\/www.kellomuseo.fi\/holvi\/wp-json\/wp\/v2\/product"}],"about":[{"href":"https:\/\/www.kellomuseo.fi\/holvi\/wp-json\/wp\/v2\/types\/product"}],"replies":[{"embeddable":true,"href":"https:\/\/www.kellomuseo.fi\/holvi\/wp-json\/wp\/v2\/comments?post=1554"}],"wp:attachment":[{"href":"https:\/\/www.kellomuseo.fi\/holvi\/wp-json\/wp\/v2\/media?parent=1554"}],"wp:term":[{"taxonomy":"product_cat","embeddable":true,"href":"https:\/\/www.kellomuseo.fi\/holvi\/wp-json\/wp\/v2\/product_cat?post=1554"},{"taxonomy":"product_tag","embeddable":true,"href":"https:\/\/www.kellomuseo.fi\/holvi\/wp-json\/wp\/v2\/product_tag?post=1554"}],"curies":[{"name":"wp","href":"https:\/\/api.w.org\/{rel}","templated":true}]}}