{"id":1551,"date":"2021-12-08T10:05:38","date_gmt":"2021-12-08T08:05:38","guid":{"rendered":"https:\/\/www.kellomuseo.fi\/holvi\/?post_type=product&#038;p=1551"},"modified":"2021-12-13T11:48:21","modified_gmt":"2021-12-13T09:48:21","slug":"runo-seiko-kellosta","status":"publish","type":"product","link":"https:\/\/www.kellomuseo.fi\/holvi\/tuote\/runo-seiko-kellosta\/","title":{"rendered":"Runo Seiko-kellosta"},"content":{"rendered":"<p class=\"p1\">T\u00e4ytin vuonna 1974 vuosia kuus<\/p>\n<p class=\"p1\">ja ranteessani oli Seiko-kello kaunis ja uus.<\/p>\n<p class=\"p1\">Siin\u00e4 oli kultaiset numerot ja punanahkainen ranneke soma<\/p>\n<p class=\"p1\">ja mik\u00e4 parasta kello oli t\u00e4ysin oma.<\/p>\n<p class=\"p1\">Kello kestikin ainakin kymmenen vuotta<\/p>\n<p class=\"p1\">ja se on viel\u00e4kin tallessa eik\u00e4 suotta.<\/p>\n<p class=\"p1\">Se lopulta kiri kuin viimeist\u00e4 p\u00e4iv\u00e4\u00e4,<\/p>\n<p class=\"p1\">ei ollut ajasta tiedon h\u00e4iv\u00e4\u00e4.<\/p>\n<p class=\"p1\">On ranteessani ollut kello jos toinenkin yli<\/p>\n<p class=\"p1\">kolmekymment\u00e4vuotta ja ajann\u00e4ytt\u00e4j\u00e4 tuo<\/p>\n<p class=\"p1\">on osa el\u00e4m\u00e4\u00e4ni varmaan seuraavat nelj\u00e4kymment\u00e4 vuotta.<\/p>\n<p>&nbsp;<\/p>\n<p class=\"p1\">P\u00e4ivi Huotari<\/p>\n","protected":false},"excerpt":{"rendered":"<p>T\u00e4ytin vuonna 1974 vuosia kuus ja ranteessani oli Seiko-kello kaunis ja uus. Siin\u00e4 oli kultaiset numerot ja punanahkainen ranneke soma ja mik\u00e4 parasta kello oli t\u00e4ysin oma. Kello kestikin ainakin kymmenen vuotta ja se on viel\u00e4kin tallessa eik\u00e4 suotta. Se lopulta kiri kuin viimeist\u00e4 p\u00e4iv\u00e4\u00e4, ei ollut ajasta tiedon h\u00e4iv\u00e4\u00e4. On ranteessani ollut kello jos [&hellip;]<\/p>\n","protected":false},"featured_media":0,"comment_status":"closed","ping_status":"closed","template":"","meta":[],"product_cat":[38],"product_tag":[36,63,62],"_links":{"self":[{"href":"https:\/\/www.kellomuseo.fi\/holvi\/wp-json\/wp\/v2\/product\/1551"}],"collection":[{"href":"https:\/\/www.kellomuseo.fi\/holvi\/wp-json\/wp\/v2\/product"}],"about":[{"href":"https:\/\/www.kellomuseo.fi\/holvi\/wp-json\/wp\/v2\/types\/product"}],"replies":[{"embeddable":true,"href":"https:\/\/www.kellomuseo.fi\/holvi\/wp-json\/wp\/v2\/comments?post=1551"}],"wp:attachment":[{"href":"https:\/\/www.kellomuseo.fi\/holvi\/wp-json\/wp\/v2\/media?parent=1551"}],"wp:term":[{"taxonomy":"product_cat","embeddable":true,"href":"https:\/\/www.kellomuseo.fi\/holvi\/wp-json\/wp\/v2\/product_cat?post=1551"},{"taxonomy":"product_tag","embeddable":true,"href":"https:\/\/www.kellomuseo.fi\/holvi\/wp-json\/wp\/v2\/product_tag?post=1551"}],"curies":[{"name":"wp","href":"https:\/\/api.w.org\/{rel}","templated":true}]}}