{"id":1529,"date":"2021-12-08T09:49:10","date_gmt":"2021-12-08T07:49:10","guid":{"rendered":"https:\/\/www.kellomuseo.fi\/holvi\/?post_type=product&#038;p=1529"},"modified":"2021-12-13T11:32:23","modified_gmt":"2021-12-13T09:32:23","slug":"kuusentaimilla-kello","status":"publish","type":"product","link":"https:\/\/www.kellomuseo.fi\/holvi\/tuote\/kuusentaimilla-kello\/","title":{"rendered":"Kuusentaimilla kello"},"content":{"rendered":"<p class=\"p1\">1960-luvun puoliv\u00e4liss\u00e4 (olin noin 10-vuotias.) olin 4H -kerhossa, josta sain kasvatettavaksi noin 1000 kuusentainta (jotka sitten meniv\u00e4t mets\u00e4nomistajille!). Kun \u201durakka\u201d osaltani oli valmis, niin is\u00e4ni osti niill\u00e4 saamillani rahoilla minulle ensimm\u00e4isen rannekellon ja se oli Leijona.<\/p>\n<p class=\"p1\">Olin useamman vuoden tosi ylpe\u00e4 saavutuksestani, sill\u00e4 tuona aikana mik\u00e4\u00e4n ei tullut kuin &#8217;Manulle illallinen&#8217;, vaan kaiken eteen oli teht\u00e4v\u00e4 t\u00f6it\u00e4!<\/p>\n<p>&nbsp;<\/p>\n<p class=\"p1\">Anonyymi<\/p>\n","protected":false},"excerpt":{"rendered":"<p>1960-luvun puoliv\u00e4liss\u00e4 (olin noin 10-vuotias.) olin 4H -kerhossa, josta sain kasvatettavaksi noin 1000 kuusentainta (jotka sitten meniv\u00e4t mets\u00e4nomistajille!). Kun \u201durakka\u201d osaltani oli valmis, niin is\u00e4ni osti niill\u00e4 saamillani rahoilla minulle ensimm\u00e4isen rannekellon ja se oli Leijona. Olin useamman vuoden tosi ylpe\u00e4 saavutuksestani, sill\u00e4 tuona aikana mik\u00e4\u00e4n ei tullut kuin &#8217;Manulle illallinen&#8217;, vaan kaiken eteen oli [&hellip;]<\/p>\n","protected":false},"featured_media":0,"comment_status":"closed","ping_status":"closed","template":"","meta":[],"product_cat":[38],"product_tag":[36,63,62],"_links":{"self":[{"href":"https:\/\/www.kellomuseo.fi\/holvi\/wp-json\/wp\/v2\/product\/1529"}],"collection":[{"href":"https:\/\/www.kellomuseo.fi\/holvi\/wp-json\/wp\/v2\/product"}],"about":[{"href":"https:\/\/www.kellomuseo.fi\/holvi\/wp-json\/wp\/v2\/types\/product"}],"replies":[{"embeddable":true,"href":"https:\/\/www.kellomuseo.fi\/holvi\/wp-json\/wp\/v2\/comments?post=1529"}],"wp:attachment":[{"href":"https:\/\/www.kellomuseo.fi\/holvi\/wp-json\/wp\/v2\/media?parent=1529"}],"wp:term":[{"taxonomy":"product_cat","embeddable":true,"href":"https:\/\/www.kellomuseo.fi\/holvi\/wp-json\/wp\/v2\/product_cat?post=1529"},{"taxonomy":"product_tag","embeddable":true,"href":"https:\/\/www.kellomuseo.fi\/holvi\/wp-json\/wp\/v2\/product_tag?post=1529"}],"curies":[{"name":"wp","href":"https:\/\/api.w.org\/{rel}","templated":true}]}}