{"id":1528,"date":"2021-12-08T09:48:17","date_gmt":"2021-12-08T07:48:17","guid":{"rendered":"https:\/\/www.kellomuseo.fi\/holvi\/?post_type=product&#038;p=1528"},"modified":"2022-03-09T14:44:57","modified_gmt":"2022-03-09T12:44:57","slug":"kellokerailijan-rippilahja","status":"publish","type":"product","link":"https:\/\/www.kellomuseo.fi\/holvi\/tuote\/kellokerailijan-rippilahja\/","title":{"rendered":"Kelloker\u00e4ilij\u00e4n rippilahja"},"content":{"rendered":"<p class=\"p1\">Sain ensimm\u00e4isen kelloni rippilahjaksi, siis 47 vuotta sitten. Valitettavasti se on jo h\u00e4vinnyt, mutta merkin muistan: se oli Leijona. Olen ker\u00e4nnyt kelloja yli 40 vuotta. Nyt niit\u00e4 on yli 80 kappaletta, mekaanisia 20 ja loput digitaalisia. On siin\u00e4 hommaa aina vaihtaa kes\u00e4\/talviaika!<\/p>\n<p>&nbsp;<\/p>\n<p class=\"p1\">Anonyymi<\/p>\n","protected":false},"excerpt":{"rendered":"<p>Sain ensimm\u00e4isen kelloni rippilahjaksi, siis 47 vuotta sitten. Valitettavasti se on jo h\u00e4vinnyt, mutta merkin muistan: se oli Leijona. Olen ker\u00e4nnyt kelloja yli 40 vuotta. Nyt niit\u00e4 on yli 80 kappaletta, mekaanisia 20 ja loput digitaalisia. On siin\u00e4 hommaa aina vaihtaa kes\u00e4\/talviaika! &nbsp; Anonyymi<\/p>\n","protected":false},"featured_media":6474,"comment_status":"closed","ping_status":"closed","template":"","meta":[],"product_cat":[38],"product_tag":[36,63,62],"_links":{"self":[{"href":"https:\/\/www.kellomuseo.fi\/holvi\/wp-json\/wp\/v2\/product\/1528"}],"collection":[{"href":"https:\/\/www.kellomuseo.fi\/holvi\/wp-json\/wp\/v2\/product"}],"about":[{"href":"https:\/\/www.kellomuseo.fi\/holvi\/wp-json\/wp\/v2\/types\/product"}],"replies":[{"embeddable":true,"href":"https:\/\/www.kellomuseo.fi\/holvi\/wp-json\/wp\/v2\/comments?post=1528"}],"wp:featuredmedia":[{"embeddable":true,"href":"https:\/\/www.kellomuseo.fi\/holvi\/wp-json\/wp\/v2\/media\/6474"}],"wp:attachment":[{"href":"https:\/\/www.kellomuseo.fi\/holvi\/wp-json\/wp\/v2\/media?parent=1528"}],"wp:term":[{"taxonomy":"product_cat","embeddable":true,"href":"https:\/\/www.kellomuseo.fi\/holvi\/wp-json\/wp\/v2\/product_cat?post=1528"},{"taxonomy":"product_tag","embeddable":true,"href":"https:\/\/www.kellomuseo.fi\/holvi\/wp-json\/wp\/v2\/product_tag?post=1528"}],"curies":[{"name":"wp","href":"https:\/\/api.w.org\/{rel}","templated":true}]}}