{"id":1525,"date":"2021-12-08T09:47:04","date_gmt":"2021-12-08T07:47:04","guid":{"rendered":"https:\/\/www.kellomuseo.fi\/holvi\/?post_type=product&#038;p=1525"},"modified":"2021-12-13T11:31:43","modified_gmt":"2021-12-13T09:31:43","slug":"kello-heinapellolta","status":"publish","type":"product","link":"https:\/\/www.kellomuseo.fi\/holvi\/tuote\/kello-heinapellolta\/","title":{"rendered":"Kello hein\u00e4pellolta"},"content":{"rendered":"<p class=\"p1\">Ensimm\u00e4isen rannekelloni sain ostettua ensimm\u00e4isell\u00e4 itse tienatulla palkallani, jonka sain naapurin is\u00e4nn\u00e4lt\u00e4 autettuani h\u00e4nt\u00e4 hein\u00e4t\u00f6iss\u00e4. T\u00e4m\u00e4 tapahtui joskus 1960-luvun alussa. Kelloni oli Leijona -merkkinen. Hyv\u00e4 oli kello ja kesti useita vuosia.<\/p>\n<p>&nbsp;<\/p>\n<p class=\"p1\">Anonyymi<\/p>\n","protected":false},"excerpt":{"rendered":"<p>Ensimm\u00e4isen rannekelloni sain ostettua ensimm\u00e4isell\u00e4 itse tienatulla palkallani, jonka sain naapurin is\u00e4nn\u00e4lt\u00e4 autettuani h\u00e4nt\u00e4 hein\u00e4t\u00f6iss\u00e4. T\u00e4m\u00e4 tapahtui joskus 1960-luvun alussa. Kelloni oli Leijona -merkkinen. Hyv\u00e4 oli kello ja kesti useita vuosia. &nbsp; Anonyymi<\/p>\n","protected":false},"featured_media":0,"comment_status":"closed","ping_status":"closed","template":"","meta":[],"product_cat":[38],"product_tag":[36,63,62],"_links":{"self":[{"href":"https:\/\/www.kellomuseo.fi\/holvi\/wp-json\/wp\/v2\/product\/1525"}],"collection":[{"href":"https:\/\/www.kellomuseo.fi\/holvi\/wp-json\/wp\/v2\/product"}],"about":[{"href":"https:\/\/www.kellomuseo.fi\/holvi\/wp-json\/wp\/v2\/types\/product"}],"replies":[{"embeddable":true,"href":"https:\/\/www.kellomuseo.fi\/holvi\/wp-json\/wp\/v2\/comments?post=1525"}],"wp:attachment":[{"href":"https:\/\/www.kellomuseo.fi\/holvi\/wp-json\/wp\/v2\/media?parent=1525"}],"wp:term":[{"taxonomy":"product_cat","embeddable":true,"href":"https:\/\/www.kellomuseo.fi\/holvi\/wp-json\/wp\/v2\/product_cat?post=1525"},{"taxonomy":"product_tag","embeddable":true,"href":"https:\/\/www.kellomuseo.fi\/holvi\/wp-json\/wp\/v2\/product_tag?post=1525"}],"curies":[{"name":"wp","href":"https:\/\/api.w.org\/{rel}","templated":true}]}}