{"id":1513,"date":"2021-12-07T16:32:20","date_gmt":"2021-12-07T14:32:20","guid":{"rendered":"https:\/\/www.kellomuseo.fi\/holvi\/?post_type=product&#038;p=1513"},"modified":"2021-12-13T11:30:04","modified_gmt":"2021-12-13T09:30:04","slug":"vesitiivis-kello","status":"publish","type":"product","link":"https:\/\/www.kellomuseo.fi\/holvi\/tuote\/vesitiivis-kello\/","title":{"rendered":"\u201cVesitiivis\u201d kello"},"content":{"rendered":"<p class=\"p1\">Vuonna 1956 sain ensimm\u00e4isen kellon syntt\u00e4rilahjaksi ja Leijonahan se oli. Olin ylpe\u00e4 ekaluokkalainen, joka osasi jo lukea. Niinp\u00e4 sain selville, ett\u00e4 kello on oikein vesitiivis. No seh\u00e4n piti testata: k\u00e4sienpesualtaaseen vett\u00e4 ja kello sinne. Mit\u00e4 hullua &#8211; eih\u00e4n kello ollut mik\u00e4\u00e4n vesitiivis. Ei siit\u00e4 voinut hiiskua is\u00e4lle eik\u00e4 \u00e4idille. Minulla oli iso nukkekoti, jossa oli oikein piippukin. Ei niit\u00e4 nukkekoteja ostettu kaupasta, kuten nyky\u00e4\u00e4n. Se oli teetetty vankilassa. Piippu oli minulle k\u00e4tk\u00f6paikka, mutta valitettavasti koko perhe tiesi sen. Laitoin kellon sinne piippuun, josta sen sitten isosisko l\u00f6ysi ja alkoi kuulustelu. No, osasin selitt\u00e4\u00e4 niin hyvin, ett\u00e4 ei is\u00e4 raaskinut suuttua, vaan vei kellon kellosep\u00e4lle. Kello puhdistettiin vedest\u00e4, mutta sekuntiviisarin k\u00e4rkeen j\u00e4i pieni ruostemerkki muistutukseksi.<\/p>\n<p>&nbsp;<\/p>\n<p class=\"p1\">Anonyymi<\/p>\n","protected":false},"excerpt":{"rendered":"<p>Vuonna 1956 sain ensimm\u00e4isen kellon syntt\u00e4rilahjaksi ja Leijonahan se oli. Olin ylpe\u00e4 ekaluokkalainen, joka osasi jo lukea. Niinp\u00e4 sain selville, ett\u00e4 kello on oikein vesitiivis. No seh\u00e4n piti testata: k\u00e4sienpesualtaaseen vett\u00e4 ja kello sinne. Mit\u00e4 hullua &#8211; eih\u00e4n kello ollut mik\u00e4\u00e4n vesitiivis. Ei siit\u00e4 voinut hiiskua is\u00e4lle eik\u00e4 \u00e4idille. Minulla oli iso nukkekoti, jossa oli [&hellip;]<\/p>\n","protected":false},"featured_media":0,"comment_status":"closed","ping_status":"closed","template":"","meta":[],"product_cat":[38],"product_tag":[36,63,62],"_links":{"self":[{"href":"https:\/\/www.kellomuseo.fi\/holvi\/wp-json\/wp\/v2\/product\/1513"}],"collection":[{"href":"https:\/\/www.kellomuseo.fi\/holvi\/wp-json\/wp\/v2\/product"}],"about":[{"href":"https:\/\/www.kellomuseo.fi\/holvi\/wp-json\/wp\/v2\/types\/product"}],"replies":[{"embeddable":true,"href":"https:\/\/www.kellomuseo.fi\/holvi\/wp-json\/wp\/v2\/comments?post=1513"}],"wp:attachment":[{"href":"https:\/\/www.kellomuseo.fi\/holvi\/wp-json\/wp\/v2\/media?parent=1513"}],"wp:term":[{"taxonomy":"product_cat","embeddable":true,"href":"https:\/\/www.kellomuseo.fi\/holvi\/wp-json\/wp\/v2\/product_cat?post=1513"},{"taxonomy":"product_tag","embeddable":true,"href":"https:\/\/www.kellomuseo.fi\/holvi\/wp-json\/wp\/v2\/product_tag?post=1513"}],"curies":[{"name":"wp","href":"https:\/\/api.w.org\/{rel}","templated":true}]}}