{"id":1502,"date":"2021-12-07T16:24:54","date_gmt":"2021-12-07T14:24:54","guid":{"rendered":"https:\/\/www.kellomuseo.fi\/holvi\/?post_type=product&#038;p=1502"},"modified":"2021-12-13T11:25:37","modified_gmt":"2021-12-13T09:25:37","slug":"kultakello-kultaseppamestarilta","status":"publish","type":"product","link":"https:\/\/www.kellomuseo.fi\/holvi\/tuote\/kultakello-kultaseppamestarilta\/","title":{"rendered":"Kultakello kultasepp\u00e4mestarilta"},"content":{"rendered":"<p class=\"p1\">Set\u00e4ni oli aikanaan tunnettu kultasepp\u00e4mestari. H\u00e4nell\u00e4 oli tapana antaa veljens\u00e4 lapsille kello kun he p\u00e4\u00e4siv\u00e4t ripille. Kun min\u00e4kin tulin tuohon ik\u00e4\u00e4n (15v), sain h\u00e4nelt\u00e4 kellon. Vuosi oli 1950. Kello oli ollut sed\u00e4ll\u00e4ni jonkun aikaa k\u00e4yt\u00f6ss\u00e4.<\/p>\n<p class=\"p1\">Erikoista siin\u00e4 oli, ett\u00e4 takakansi oli puhdasta kultaa. Maalasipojalle kello oli tuolloin aivan loistava asia, ei niit\u00e4 joka pojalla ollut.<\/p>\n<p class=\"p1\">Mielest\u00e4ni kello ei k\u00e4ynyt aivan tarkkaa aikaa ja valitin siit\u00e4 sed\u00e4lleni, jolloin h\u00e4n vaihtoi sen nykyaikaisempaan kelloon. Tyhmyytt\u00e4ni olen katunut aina, sill\u00e4 se alkuper\u00e4inen oli varmasti arvokas. Merkki oli Leijona. Kello yleens\u00e4 on ollut t\u00e4rke\u00e4 asia minunkin el\u00e4m\u00e4ss\u00e4ni.<\/p>\n<p class=\"p1\">El\u00e4m\u00e4 oli ty\u00f6ik\u00e4isen\u00e4 liikaakin sidoksissa kelloon. Nykyisin kello ei ole aina ranteessa kun kiireetkin ovat loppuneet ja aikahan n\u00e4kyy k\u00e4nnyk\u00e4ss\u00e4.<\/p>\n<p>&nbsp;<\/p>\n<p class=\"p3\">Anonyymi<\/p>\n","protected":false},"excerpt":{"rendered":"<p>Set\u00e4ni oli aikanaan tunnettu kultasepp\u00e4mestari. H\u00e4nell\u00e4 oli tapana antaa veljens\u00e4 lapsille kello kun he p\u00e4\u00e4siv\u00e4t ripille. Kun min\u00e4kin tulin tuohon ik\u00e4\u00e4n (15v), sain h\u00e4nelt\u00e4 kellon. Vuosi oli 1950. Kello oli ollut sed\u00e4ll\u00e4ni jonkun aikaa k\u00e4yt\u00f6ss\u00e4. Erikoista siin\u00e4 oli, ett\u00e4 takakansi oli puhdasta kultaa. Maalasipojalle kello oli tuolloin aivan loistava asia, ei niit\u00e4 joka pojalla ollut. [&hellip;]<\/p>\n","protected":false},"featured_media":0,"comment_status":"closed","ping_status":"closed","template":"","meta":[],"product_cat":[38],"product_tag":[36,63,62],"_links":{"self":[{"href":"https:\/\/www.kellomuseo.fi\/holvi\/wp-json\/wp\/v2\/product\/1502"}],"collection":[{"href":"https:\/\/www.kellomuseo.fi\/holvi\/wp-json\/wp\/v2\/product"}],"about":[{"href":"https:\/\/www.kellomuseo.fi\/holvi\/wp-json\/wp\/v2\/types\/product"}],"replies":[{"embeddable":true,"href":"https:\/\/www.kellomuseo.fi\/holvi\/wp-json\/wp\/v2\/comments?post=1502"}],"wp:attachment":[{"href":"https:\/\/www.kellomuseo.fi\/holvi\/wp-json\/wp\/v2\/media?parent=1502"}],"wp:term":[{"taxonomy":"product_cat","embeddable":true,"href":"https:\/\/www.kellomuseo.fi\/holvi\/wp-json\/wp\/v2\/product_cat?post=1502"},{"taxonomy":"product_tag","embeddable":true,"href":"https:\/\/www.kellomuseo.fi\/holvi\/wp-json\/wp\/v2\/product_tag?post=1502"}],"curies":[{"name":"wp","href":"https:\/\/api.w.org\/{rel}","templated":true}]}}