{"id":1489,"date":"2021-12-07T16:13:10","date_gmt":"2021-12-07T14:13:10","guid":{"rendered":"https:\/\/www.kellomuseo.fi\/holvi\/?post_type=product&#038;p=1489"},"modified":"2021-12-13T11:21:45","modified_gmt":"2021-12-13T09:21:45","slug":"lahikaupan-arpajaisvoitto","status":"publish","type":"product","link":"https:\/\/www.kellomuseo.fi\/holvi\/tuote\/lahikaupan-arpajaisvoitto\/","title":{"rendered":"L\u00e4hikaupan arpajaisvoitto"},"content":{"rendered":"<p class=\"p1\">Olin kahdeksan vanha kun osallistuin l\u00e4hikaupassa kilpailuun jossa arvottiin Leijona-merkkinen kello. Vuosi oli 1976. Yll\u00e4tys oli suuri kun min\u00e4 voitin sen kellon omakseni ja sain onnitteluja perheelt\u00e4 ja naapureilta. Kello oli aivan perusmalli ja naiselle tehty ja minun ranteessani se oli monta vuotta kunnes siit\u00e4 meni lasi rikki. Siell\u00e4 se taitaa viel\u00e4kin olla lapsuuteni kodin k\u00e4tk\u00f6iss\u00e4. Is\u00e4 sanoi aina siit\u00e4 kellostani: &#8221;Siin\u00e4 on sulle tytt\u00f6 kelloa pitk\u00e4ksi aikaa.&#8221;<\/p>\n<p>&nbsp;<\/p>\n<p class=\"p1\">Anonyymi<\/p>\n","protected":false},"excerpt":{"rendered":"<p>Olin kahdeksan vanha kun osallistuin l\u00e4hikaupassa kilpailuun jossa arvottiin Leijona-merkkinen kello. Vuosi oli 1976. Yll\u00e4tys oli suuri kun min\u00e4 voitin sen kellon omakseni ja sain onnitteluja perheelt\u00e4 ja naapureilta. Kello oli aivan perusmalli ja naiselle tehty ja minun ranteessani se oli monta vuotta kunnes siit\u00e4 meni lasi rikki. Siell\u00e4 se taitaa viel\u00e4kin olla lapsuuteni kodin [&hellip;]<\/p>\n","protected":false},"featured_media":0,"comment_status":"closed","ping_status":"closed","template":"","meta":[],"product_cat":[38],"product_tag":[36,63,62],"_links":{"self":[{"href":"https:\/\/www.kellomuseo.fi\/holvi\/wp-json\/wp\/v2\/product\/1489"}],"collection":[{"href":"https:\/\/www.kellomuseo.fi\/holvi\/wp-json\/wp\/v2\/product"}],"about":[{"href":"https:\/\/www.kellomuseo.fi\/holvi\/wp-json\/wp\/v2\/types\/product"}],"replies":[{"embeddable":true,"href":"https:\/\/www.kellomuseo.fi\/holvi\/wp-json\/wp\/v2\/comments?post=1489"}],"wp:attachment":[{"href":"https:\/\/www.kellomuseo.fi\/holvi\/wp-json\/wp\/v2\/media?parent=1489"}],"wp:term":[{"taxonomy":"product_cat","embeddable":true,"href":"https:\/\/www.kellomuseo.fi\/holvi\/wp-json\/wp\/v2\/product_cat?post=1489"},{"taxonomy":"product_tag","embeddable":true,"href":"https:\/\/www.kellomuseo.fi\/holvi\/wp-json\/wp\/v2\/product_tag?post=1489"}],"curies":[{"name":"wp","href":"https:\/\/api.w.org\/{rel}","templated":true}]}}