{"id":1454,"date":"2021-12-07T15:20:27","date_gmt":"2021-12-07T13:20:27","guid":{"rendered":"https:\/\/www.kellomuseo.fi\/holvi\/?post_type=product&#038;p=1454"},"modified":"2021-12-07T15:20:27","modified_gmt":"2021-12-07T13:20:27","slug":"kaulakoru-liipotinsilloista","status":"publish","type":"product","link":"https:\/\/www.kellomuseo.fi\/holvi\/tuote\/kaulakoru-liipotinsilloista\/","title":{"rendered":"Kaulakoru liipotinsilloista"},"content":{"rendered":"<p class=\"p1\">Koru on kulkeutunut suvussa jo 1800-luvun puolesta v\u00e4list\u00e4. Muistan korun jo lapsuudesta, kun leikin iso\u00e4itini hopeisen korurasian kanssa. Kaivoin koruja esille ja kokeilin niit\u00e4 p\u00e4\u00e4lleni. T\u00e4m\u00e4 koru j\u00e4i aina rasiaan, koska siit\u00e4 puuttui osia ja siin\u00e4 ei ollut lukkoa. Iso\u00e4itini kertoi minulle korun tarinan:<br \/>\nKoru menee suvussa aina vanhimmalle tytt\u00e4relle. Koru on tullut Suomeen Ven\u00e4j\u00e4n kautta Saksasta. Saksasta iso\u00e4itini iso\u00e4idin \u00e4idin perheeseen muutti kaksi kotiopettajaa, joiden teht\u00e4v\u00e4n\u00e4 olivat iso\u00e4itini muistelun mukaan saksan kielen ja musiikin opettaminen lapsille. Ilmeisesti koru on tullut heid\u00e4n mukanaan. Koru on tehty kellon liipotinsilloista, ja yht\u00e4k\u00e4\u00e4n samanlaista liipotinsiltaa korussa ei ole ollut. Koru kulkeutui sittemmin iso\u00e4idilleni. H\u00e4n k\u00e4ytti korua paljon, ihan arkikorunakin. Ja h\u00e4n my\u00f6s irrotti korusta paloja. Kuulemma h\u00e4n antoi niit\u00e4 nuoruudessa mielitietyilleen, jota h\u00e4n nyt hieman katuu.<\/p>\n<p>Kun koru tuli minulle oli iso\u00e4itini k\u00e4ynyt paikallisella kellosep\u00e4ll\u00e4 laitattamassa koruun ketjut ja lukot, jotta sen sai j\u00e4lleen kaulan ymp\u00e4rille. K\u00e4ytin itse korua ensimm\u00e4isen kerran, kun sain sen valmistujaislahjaksi. Korussa oleva uusi ketju ja lukko eiv\u00e4t minun eik\u00e4 iso\u00e4itini mielest\u00e4 kumminkaan sopineet koruun, joten vein sen er\u00e4\u00e4lle kultasep\u00e4lle. Kultasep\u00e4n luona koru sai pidemm\u00e4t ketjut ja korusta tuli ennemmin k\u00e4\u00e4ty, kun kaulakoru. N\u00e4in koru jatkaa el\u00e4m\u00e4\u00e4ns\u00e4. Ja mit\u00e4 tarinoita sill\u00e4 olisi kerrottavana!<\/p>\n<p class=\"p1\">&#8211;\u00a0 Anonyymi<\/p>\n","protected":false},"excerpt":{"rendered":"<p><strong>Kuva:<\/strong> anonyymi<\/p>\n<p>&nbsp;<\/p>\n","protected":false},"featured_media":1455,"comment_status":"closed","ping_status":"closed","template":"","meta":[],"product_cat":[38],"product_tag":[42,63,62],"_links":{"self":[{"href":"https:\/\/www.kellomuseo.fi\/holvi\/wp-json\/wp\/v2\/product\/1454"}],"collection":[{"href":"https:\/\/www.kellomuseo.fi\/holvi\/wp-json\/wp\/v2\/product"}],"about":[{"href":"https:\/\/www.kellomuseo.fi\/holvi\/wp-json\/wp\/v2\/types\/product"}],"replies":[{"embeddable":true,"href":"https:\/\/www.kellomuseo.fi\/holvi\/wp-json\/wp\/v2\/comments?post=1454"}],"wp:featuredmedia":[{"embeddable":true,"href":"https:\/\/www.kellomuseo.fi\/holvi\/wp-json\/wp\/v2\/media\/1455"}],"wp:attachment":[{"href":"https:\/\/www.kellomuseo.fi\/holvi\/wp-json\/wp\/v2\/media?parent=1454"}],"wp:term":[{"taxonomy":"product_cat","embeddable":true,"href":"https:\/\/www.kellomuseo.fi\/holvi\/wp-json\/wp\/v2\/product_cat?post=1454"},{"taxonomy":"product_tag","embeddable":true,"href":"https:\/\/www.kellomuseo.fi\/holvi\/wp-json\/wp\/v2\/product_tag?post=1454"}],"curies":[{"name":"wp","href":"https:\/\/api.w.org\/{rel}","templated":true}]}}