{"id":2568,"date":"2022-01-11T10:52:40","date_gmt":"2022-01-11T08:52:40","guid":{"rendered":"https:\/\/www.kellomuseo.fi\/holvi\/?page_id=2568"},"modified":"2022-02-15T11:03:31","modified_gmt":"2022-02-15T09:03:31","slug":"tornikellot","status":"publish","type":"page","link":"https:\/\/www.kellomuseo.fi\/holvi\/tornikellot\/","title":{"rendered":"Tornikellot"},"content":{"rendered":"\t\t<div data-elementor-type=\"wp-page\" data-elementor-id=\"2568\" class=\"elementor elementor-2568\">\n\t\t\t\t\t\t\t\t\t<section class=\"elementor-section elementor-top-section elementor-element elementor-element-e9a16f9 elementor-section-boxed elementor-section-height-default elementor-section-height-default\" data-id=\"e9a16f9\" data-element_type=\"section\" data-settings=\"{&quot;background_background&quot;:&quot;classic&quot;}\">\n\t\t\t\t\t\t<div class=\"elementor-container elementor-column-gap-default\">\n\t\t\t\t\t<div class=\"elementor-column elementor-col-100 elementor-top-column elementor-element elementor-element-107a489\" data-id=\"107a489\" data-element_type=\"column\">\n\t\t\t<div class=\"elementor-widget-wrap elementor-element-populated\">\n\t\t\t\t\t\t\t\t<div class=\"elementor-element elementor-element-74a7c2a elementor-widget elementor-widget-heading\" data-id=\"74a7c2a\" data-element_type=\"widget\" data-widget_type=\"heading.default\">\n\t\t\t\t<div class=\"elementor-widget-container\">\n\t\t\t<style>\/*! elementor - v3.17.0 - 01-11-2023 *\/\n.elementor-heading-title{padding:0;margin:0;line-height:1}.elementor-widget-heading .elementor-heading-title[class*=elementor-size-]>a{color:inherit;font-size:inherit;line-height:inherit}.elementor-widget-heading .elementor-heading-title.elementor-size-small{font-size:15px}.elementor-widget-heading .elementor-heading-title.elementor-size-medium{font-size:19px}.elementor-widget-heading .elementor-heading-title.elementor-size-large{font-size:29px}.elementor-widget-heading .elementor-heading-title.elementor-size-xl{font-size:39px}.elementor-widget-heading .elementor-heading-title.elementor-size-xxl{font-size:59px}<\/style><h2 class=\"elementor-heading-title elementor-size-default\">Tornikellot<\/h2>\t\t<\/div>\n\t\t\t\t<\/div>\n\t\t\t\t<div class=\"elementor-element elementor-element-1dc1d51 elementor-widget elementor-widget-text-editor\" data-id=\"1dc1d51\" data-element_type=\"widget\" data-widget_type=\"text-editor.default\">\n\t\t\t\t<div class=\"elementor-widget-container\">\n\t\t\t<style>\/*! elementor - v3.17.0 - 01-11-2023 *\/\n.elementor-widget-text-editor.elementor-drop-cap-view-stacked .elementor-drop-cap{background-color:#69727d;color:#fff}.elementor-widget-text-editor.elementor-drop-cap-view-framed .elementor-drop-cap{color:#69727d;border:3px solid;background-color:transparent}.elementor-widget-text-editor:not(.elementor-drop-cap-view-default) .elementor-drop-cap{margin-top:8px}.elementor-widget-text-editor:not(.elementor-drop-cap-view-default) .elementor-drop-cap-letter{width:1em;height:1em}.elementor-widget-text-editor .elementor-drop-cap{float:left;text-align:center;line-height:1;font-size:50px}.elementor-widget-text-editor .elementor-drop-cap-letter{display:inline-block}<\/style>\t\t\t\t<p>Tornikello on tornissa tai korkealla rakennuksessa oleva kello. J\u00e4lkimm\u00e4isess\u00e4 tapauksessa voidaan k\u00e4ytt\u00e4\u00e4 nimityst\u00e4 talokello. Euroopassa tornikellot yleistyiv\u00e4t vuoden 1280 j\u00e4lkeen, jolloin kehitettiin ensimm\u00e4inen painovoiman avulla toimiva kello. Jousivetoiset ja siirrett\u00e4v\u00e4t kellot yleistyiv\u00e4t 1400-luvulla.\u00a0 Suomen eri kaupungeissa tornikellot yleistyiv\u00e4t 1600-luvun aikana. Kaupungit hankkivat kelloja ensisijaisesti raatihuoneelle ja kaupungin kirkkoon, joista kaupunkilaiset saattoivat n\u00e4hd\u00e4 ajankulun ja useimmin kuulla t\u00e4yden tuntien ja jopa puolentuntien ly\u00f6nnit. Lue lis\u00e4\u00e4 suomalaisista tornikelloista alla olevasta valikosta.\u00a0<\/p><div><p>\u00a0<\/p><p><span lang=\"FI\">\u00a0<\/span><\/p><p><b>L\u00e4hde:<\/b><span lang=\"FI\"> Suomen Kellomuseo<\/span><\/p><\/div>\t\t\t\t\t\t<\/div>\n\t\t\t\t<\/div>\n\t\t\t\t\t<\/div>\n\t\t<\/div>\n\t\t\t\t\t\t\t<\/div>\n\t\t<\/section>\n\t\t\t\t<section class=\"elementor-section elementor-top-section elementor-element elementor-element-6cf675df elementor-section-boxed elementor-section-height-default elementor-section-height-default\" data-id=\"6cf675df\" data-element_type=\"section\" data-settings=\"{&quot;background_background&quot;:&quot;classic&quot;}\">\n\t\t\t\t\t\t<div class=\"elementor-container elementor-column-gap-default\">\n\t\t\t\t\t<div class=\"elementor-column elementor-col-100 elementor-top-column elementor-element elementor-element-7a5db2e1\" data-id=\"7a5db2e1\" data-element_type=\"column\">\n\t\t\t<div class=\"elementor-widget-wrap elementor-element-populated\">\n\t\t\t\t\t\t\t\t<div class=\"elementor-element elementor-element-8d3e280 eael-product-grid-column-4 elementor-widget elementor-widget-eicon-woocommerce\" data-id=\"8d3e280\" data-element_type=\"widget\" data-widget_type=\"eicon-woocommerce.default\">\n\t\t\t\t<div class=\"elementor-widget-container\">\n\t\t\t\n        <div class=\"eael-product-grid eael-product-default grid\" id=\"eael-product-grid\" data-widget-id=\"8d3e280\" data-page-id=\"2568\" data-nonce=\"cd4c0fa887\" >\n            <div class=\"woocommerce\">\n                <p class=\"no-posts-found\">No posts found!<\/p>            <\/div>\n        <\/div>\n\n        <script type=\"text\/javascript\">\n            jQuery(document).ready(function($) {\n                var $scope = jQuery(\".elementor-element-8d3e280\");\n                var $products = $('.products', $scope);\n                var $layout_mode = $products.data('layout-mode');\n                \n                if ( $layout_mode === 'masonry' ) {\n                    \/\/ init isotope\n                    var $isotope_products = $products.isotope({\n                        itemSelector: \"li.product\",\n                        layoutMode: $layout_mode,\n                        percentPosition: true\n                    });\n\n                    $isotope_products.imagesLoaded().progress( function() {\n                        $isotope_products.isotope('layout');\n                    })\n\n                    $(window).on('resize', function() {\n                        $isotope_products.isotope('layout');\n                    });\n                }\n            });\n        <\/script>\n        \t\t<\/div>\n\t\t\t\t<\/div>\n\t\t\t\t\t<\/div>\n\t\t<\/div>\n\t\t\t\t\t\t\t<\/div>\n\t\t<\/section>\n\t\t\t\t\t\t\t<\/div>\n\t\t","protected":false},"excerpt":{"rendered":"<p>Tornikellot Tornikello on tornissa tai korkealla rakennuksessa oleva kello. J\u00e4lkimm\u00e4isess\u00e4 tapauksessa voidaan k\u00e4ytt\u00e4\u00e4 nimityst\u00e4 talokello. Euroopassa tornikellot yleistyiv\u00e4t vuoden 1280 j\u00e4lkeen, jolloin kehitettiin ensimm\u00e4inen painovoiman avulla toimiva kello. Jousivetoiset ja siirrett\u00e4v\u00e4t kellot yleistyiv\u00e4t 1400-luvulla.\u00a0 Suomen eri kaupungeissa tornikellot yleistyiv\u00e4t 1600-luvun aikana. Kaupungit hankkivat kelloja ensisijaisesti raatihuoneelle ja kaupungin kirkkoon, joista kaupunkilaiset saattoivat n\u00e4hd\u00e4 ajankulun ja [&hellip;]<\/p>\n","protected":false},"author":2,"featured_media":0,"parent":0,"menu_order":0,"comment_status":"closed","ping_status":"closed","template":"elementor_header_footer","meta":[],"_links":{"self":[{"href":"https:\/\/www.kellomuseo.fi\/holvi\/wp-json\/wp\/v2\/pages\/2568"}],"collection":[{"href":"https:\/\/www.kellomuseo.fi\/holvi\/wp-json\/wp\/v2\/pages"}],"about":[{"href":"https:\/\/www.kellomuseo.fi\/holvi\/wp-json\/wp\/v2\/types\/page"}],"author":[{"embeddable":true,"href":"https:\/\/www.kellomuseo.fi\/holvi\/wp-json\/wp\/v2\/users\/2"}],"replies":[{"embeddable":true,"href":"https:\/\/www.kellomuseo.fi\/holvi\/wp-json\/wp\/v2\/comments?post=2568"}],"version-history":[{"count":14,"href":"https:\/\/www.kellomuseo.fi\/holvi\/wp-json\/wp\/v2\/pages\/2568\/revisions"}],"predecessor-version":[{"id":5330,"href":"https:\/\/www.kellomuseo.fi\/holvi\/wp-json\/wp\/v2\/pages\/2568\/revisions\/5330"}],"wp:attachment":[{"href":"https:\/\/www.kellomuseo.fi\/holvi\/wp-json\/wp\/v2\/media?parent=2568"}],"curies":[{"name":"wp","href":"https:\/\/api.w.org\/{rel}","templated":true}]}}